{"id":2822,"date":"2019-04-09T17:54:01","date_gmt":"2019-04-09T17:54:01","guid":{"rendered":"https:\/\/iips.usac.edu.gt\/?page_id=2822"},"modified":"2019-04-09T17:54:03","modified_gmt":"2019-04-09T17:54:03","slug":"centros-asociados-a-clacso","status":"publish","type":"page","link":"https:\/\/iips.usac.edu.gt\/?page_id=2822","title":{"rendered":"Centros asociados a CLACSO"},"content":{"rendered":"<header class=\"entry-header\">\n<h1 class=\"entry-title page-title\">Centros asociados<\/h1>\n<\/header>\n<div class=\"entry-content\">\n<p>CLACSO es una red conformada por:<\/p>\n<ul>\n<li>Instituciones de investigaci\u00f3n y\/o posgrado en cualquier campo de las ciencias sociales y las humanidades, con sede en cualquier pa\u00eds de Am\u00e9rica Latina o el Caribe. En este caso, las instituciones pasan a ser parte de la red de CLACSO en la condici\u00f3n de CENTROS MIEMBROS.<\/li>\n<li>Instituciones de investigaci\u00f3n y\/o posgrado con inter\u00e9s en Am\u00e9rica Latina y el Caribe y cuya sede se encuentra fuera de Am\u00e9rica Latina y el Caribe. En este caso, las instituciones pasan a ser parte de la red de CLACSO en la condici\u00f3n de INSTITUCIONES ASOCIADAS.<\/li>\n<li>Asociaciones acad\u00e9micas, foros o redes con actuaci\u00f3n en cualquier campo de las ciencias sociales y las humanidades, con sede dentro o fuera de Am\u00e9rica Latina y el Caribe. En este caso, las instituciones pasan a ser parte de la red de CLACSO en la condici\u00f3n de REDES ASOCIADAS.<\/li>\n<\/ul>\n<p><strong>Como asociarse a CLACSO\u00a0http:\/\/www.clacso.org\/institucional\/asociaciones\/\u00a0<\/strong><\/p>\n<p><a href=\"https:\/\/www.clacso.org\/institucional\/centros-asociados\/\" target=\"_blank\" rel=\"noopener\"><img loading=\"lazy\" decoding=\"async\" class=\"alignleft wp-image-2819 size-full\" src=\"https:\/\/iips.usac.edu.gt\/wp-content\/uploads\/2019\/04\/Centros-asociados-a-CLACSO.png\" alt=\"\" width=\"1276\" height=\"701\" srcset=\"https:\/\/iips.usac.edu.gt\/wp-content\/uploads\/2019\/04\/Centros-asociados-a-CLACSO.png 1276w, https:\/\/iips.usac.edu.gt\/wp-content\/uploads\/2019\/04\/Centros-asociados-a-CLACSO-300x165.png 300w, https:\/\/iips.usac.edu.gt\/wp-content\/uploads\/2019\/04\/Centros-asociados-a-CLACSO-768x422.png 768w, https:\/\/iips.usac.edu.gt\/wp-content\/uploads\/2019\/04\/Centros-asociados-a-CLACSO-1024x563.png 1024w\" sizes=\"(max-width: 1276px) 100vw, 1276px\" \/><\/a><\/p>\n<\/div>\n","protected":false},"excerpt":{"rendered":"<p>Centros asociados CLACSO es una red conformada por: Instituciones de investigaci\u00f3n y\/o posgrado en cualquier campo de las ciencias sociales y las humanidades, con sede en cualquier pa\u00eds de Am\u00e9rica Latina o el Caribe. En este caso, las instituciones pasan a ser parte de la red de CLACSO en la condici\u00f3n de CENTROS MIEMBROS. Instituciones [&hellip;]<\/p>\n","protected":false},"author":2,"featured_media":0,"parent":0,"menu_order":0,"comment_status":"closed","ping_status":"closed","template":"","meta":{"footnotes":""},"class_list":["post-2822","page","type-page","status-publish","czr-hentry"],"_links":{"self":[{"href":"https:\/\/iips.usac.edu.gt\/index.php?rest_route=\/wp\/v2\/pages\/2822"}],"collection":[{"href":"https:\/\/iips.usac.edu.gt\/index.php?rest_route=\/wp\/v2\/pages"}],"about":[{"href":"https:\/\/iips.usac.edu.gt\/index.php?rest_route=\/wp\/v2\/types\/page"}],"author":[{"embeddable":true,"href":"https:\/\/iips.usac.edu.gt\/index.php?rest_route=\/wp\/v2\/users\/2"}],"replies":[{"embeddable":true,"href":"https:\/\/iips.usac.edu.gt\/index.php?rest_route=%2Fwp%2Fv2%2Fcomments&post=2822"}],"version-history":[{"count":1,"href":"https:\/\/iips.usac.edu.gt\/index.php?rest_route=\/wp\/v2\/pages\/2822\/revisions"}],"predecessor-version":[{"id":2824,"href":"https:\/\/iips.usac.edu.gt\/index.php?rest_route=\/wp\/v2\/pages\/2822\/revisions\/2824"}],"wp:attachment":[{"href":"https:\/\/iips.usac.edu.gt\/index.php?rest_route=%2Fwp%2Fv2%2Fmedia&parent=2822"}],"curies":[{"name":"wp","href":"https:\/\/api.w.org\/{rel}","templated":true}]}}