{"id":3034,"date":"2019-05-29T15:28:40","date_gmt":"2019-05-29T15:28:40","guid":{"rendered":"https:\/\/iips.usac.edu.gt\/?page_id=3034"},"modified":"2019-05-29T15:36:51","modified_gmt":"2019-05-29T15:36:51","slug":"seminario-sobre-movimientos-sociales-de-derechos-humanos-y-acceso-a-la-justicia","status":"publish","type":"page","link":"https:\/\/iips.usac.edu.gt\/?page_id=3034","title":{"rendered":"Seminario sobre Movimientos Sociales de Derechos Humanos y Acceso a la Justicia -ECP\/USAC-"},"content":{"rendered":"<p><a href=\"https:\/\/iips.usac.edu.gt\/wp-content\/uploads\/2019\/05\/An\u00e1lisis-sociol\u00f3gicos-de-movimientos-sociales-en-Am\u00e9rica-Latina.-Compilaci\u00f3n.pdf\" target=\"_blank\" rel=\"noopener\"><img loading=\"lazy\" decoding=\"async\" class=\"alignleft wp-image-3035 size-full\" src=\"https:\/\/iips.usac.edu.gt\/wp-content\/uploads\/2019\/05\/Seminario.png\" alt=\"\" width=\"3503\" height=\"3455\" srcset=\"https:\/\/iips.usac.edu.gt\/wp-content\/uploads\/2019\/05\/Seminario.png 3503w, https:\/\/iips.usac.edu.gt\/wp-content\/uploads\/2019\/05\/Seminario-300x296.png 300w, https:\/\/iips.usac.edu.gt\/wp-content\/uploads\/2019\/05\/Seminario-768x757.png 768w, https:\/\/iips.usac.edu.gt\/wp-content\/uploads\/2019\/05\/Seminario-1024x1010.png 1024w\" sizes=\"(max-width: 3503px) 100vw, 3503px\" \/><\/a><\/p>\n<hr \/>\n<p>El curso de Seminario sobre Movimientos Sociales de Derechos Humanos y Acceso a la Justicia, conjuntamente con otros Seminarios, inauguran una nueva modalidad de ense\u00f1anza, en la readecuaci\u00f3n curricular de la Escuela de Ciencia Pol\u00edtica de la tricentenaria Universidad de San Carlos de Guatemala; como tal atraviesa el proceso normal de la fase experimental en toda nueva propuesta curricular. Entre ello, lo m\u00e1s importante es el dotarle de su normativa procedimental y evaluativa espec\u00edfica que la diferencie de los tipos de asignatura tradicional, y que sobre todo empuje las metodolog\u00edas propias de la modalidad de seminario. Con tales desaf\u00edos afrontados se lleg\u00f3 a las adecuaciones necesarias, hoy nos toca presentar el producto final de esa primera experiencia, que me parece muy enriquecedora en t\u00e9rminos de aprendizaje.<\/p>\n<p>Los estudiantes abordaron dos tem\u00e1ticas de an\u00e1lisis investigativo tal como la descripci\u00f3n del seminario lo aborda: derechos humanos y acceso a la justicia. Para lo cual seleccionaron sus propias movilizaciones en cada tema, y el que aparece en la presente compilaci\u00f3n, es tan solo uno de ambos que ellos mismos escogieron. En las dos tem\u00e1ticas de movilizaciones, los an\u00e1lisis investigativos produjeron trabajos muy bien elaborados fruto de qui\u00e9n se identifica y se apasiona con su tarea. De forma tal, que si no lo hubi\u00e9ramos propuesto pudimos haber publicado dos textos como el presente con la misma profundidad y densidad de an\u00e1lisis. Es una tarea que queda pendiente, para quienes deseen retomar la estafeta de la publicaci\u00f3n, de sacar a luz el otro tema pendiente. Todo ello habla bien de la capacidad de producci\u00f3n.<\/p>\n<p>En el presente texto de an\u00e1lisis investigativo se podr\u00e1 verificar que el alcance de los estudiantes fue m\u00e1s all\u00e1 de la problem\u00e1tica nacional y la ampliaron a la latinoamericana. La gran mayor\u00eda sustent\u00f3 sus procesos en an\u00e1lisis de contenido documental y algunas excepciones fueron m\u00e1s all\u00e1 verificando datos de campo mediante entrevistas que les ha generado el compromiso de retornar lo trabajado a la instituci\u00f3n implicada, lo cual apareja una experiencia que vale la pena introducirla en el desarrollo metodol\u00f3gico futuro del seminario. Otro caso represent\u00f3 integrar su tem\u00e1tica con la de su dise\u00f1o de tesis, otro buen ejercicio de transversalidad disciplinar.<\/p>\n<p>Si me preguntasen cual fue la mayor dificultad a afrontar dir\u00eda la misma que compart\u00ed con los estudiantes: la ausencia de un curso prerrequisito sobre Sociolog\u00eda de los Movimientos Sociales, en vista de eso nos toc\u00f3 paralelamente al an\u00e1lisis investigativo ir desarrollando teor\u00eda sociol\u00f3gica en dicho tema, a fin de otorgarle fundamento a la tarea del an\u00e1lisis.<\/p>\n<p>Finalmente, el ejercicio de publicaci\u00f3n implica el afrontar y procesar la responsabilidad personal de lo formulado y sobre todo la cr\u00edtica acad\u00e9mica que al cuestionar enriquece lo planteado, ese ser\u00e1 el primer ejercicio a experimentar por cada uno de los estudiantes en esta faena de socializar el conocimiento. Dejo testimonio de la satisfacci\u00f3n que causa el interactuar con grupos estudiantiles comprometidos con su formaci\u00f3n lo que hace posible la concreci\u00f3n de resultados como el presente.<\/p>\n<p>Guatemala, mayo de 2019<\/p>\n<p><strong>\u00a0<\/strong><\/p>\n<p><strong>Dr. Jorge Luis Zamora Prado<\/strong><\/p>\n<p><strong>Docente del Curso en calidad de Asesor de Seminario<\/strong><\/p>\n","protected":false},"excerpt":{"rendered":"<p>El curso de Seminario sobre Movimientos Sociales de Derechos Humanos y Acceso a la Justicia, conjuntamente con otros Seminarios, inauguran una nueva modalidad de ense\u00f1anza, en la readecuaci\u00f3n curricular de la Escuela de Ciencia Pol\u00edtica de la tricentenaria Universidad de San Carlos de Guatemala; como tal atraviesa el proceso normal de la fase experimental en [&hellip;]<\/p>\n","protected":false},"author":2,"featured_media":0,"parent":0,"menu_order":0,"comment_status":"closed","ping_status":"closed","template":"","meta":{"footnotes":""},"class_list":["post-3034","page","type-page","status-publish","czr-hentry"],"_links":{"self":[{"href":"https:\/\/iips.usac.edu.gt\/index.php?rest_route=\/wp\/v2\/pages\/3034"}],"collection":[{"href":"https:\/\/iips.usac.edu.gt\/index.php?rest_route=\/wp\/v2\/pages"}],"about":[{"href":"https:\/\/iips.usac.edu.gt\/index.php?rest_route=\/wp\/v2\/types\/page"}],"author":[{"embeddable":true,"href":"https:\/\/iips.usac.edu.gt\/index.php?rest_route=\/wp\/v2\/users\/2"}],"replies":[{"embeddable":true,"href":"https:\/\/iips.usac.edu.gt\/index.php?rest_route=%2Fwp%2Fv2%2Fcomments&post=3034"}],"version-history":[{"count":2,"href":"https:\/\/iips.usac.edu.gt\/index.php?rest_route=\/wp\/v2\/pages\/3034\/revisions"}],"predecessor-version":[{"id":3041,"href":"https:\/\/iips.usac.edu.gt\/index.php?rest_route=\/wp\/v2\/pages\/3034\/revisions\/3041"}],"wp:attachment":[{"href":"https:\/\/iips.usac.edu.gt\/index.php?rest_route=%2Fwp%2Fv2%2Fmedia&parent=3034"}],"curies":[{"name":"wp","href":"https:\/\/api.w.org\/{rel}","templated":true}]}}