{"id":3362,"date":"2019-09-25T19:07:49","date_gmt":"2019-09-25T19:07:49","guid":{"rendered":"https:\/\/iips.usac.edu.gt\/?page_id=3362"},"modified":"2019-11-06T18:06:22","modified_gmt":"2019-11-06T18:06:22","slug":"iii-congreso-de-relaciones-internacionales","status":"publish","type":"page","link":"https:\/\/iips.usac.edu.gt\/?page_id=3362","title":{"rendered":"III Congreso de Relaciones Internacionales"},"content":{"rendered":"<p><strong>Tercer d\u00eda: III Congreso de Relaciones Internacionales\u00a0<\/strong><\/p>\n<p><img loading=\"lazy\" decoding=\"async\" class=\"alignleft size-full wp-image-3501\" src=\"https:\/\/iips.usac.edu.gt\/wp-content\/uploads\/2019\/11\/IMG_20191030_090231.jpg\" alt=\"\" width=\"3456\" height=\"4608\" srcset=\"https:\/\/iips.usac.edu.gt\/wp-content\/uploads\/2019\/11\/IMG_20191030_090231.jpg 3456w, https:\/\/iips.usac.edu.gt\/wp-content\/uploads\/2019\/11\/IMG_20191030_090231-225x300.jpg 225w, https:\/\/iips.usac.edu.gt\/wp-content\/uploads\/2019\/11\/IMG_20191030_090231-768x1024.jpg 768w\" sizes=\"(max-width: 3456px) 100vw, 3456px\" \/> <img loading=\"lazy\" decoding=\"async\" class=\"alignleft size-full wp-image-3502\" src=\"https:\/\/iips.usac.edu.gt\/wp-content\/uploads\/2019\/11\/IMG_20191030_092144.jpg\" alt=\"\" width=\"4608\" height=\"3456\" srcset=\"https:\/\/iips.usac.edu.gt\/wp-content\/uploads\/2019\/11\/IMG_20191030_092144.jpg 4608w, https:\/\/iips.usac.edu.gt\/wp-content\/uploads\/2019\/11\/IMG_20191030_092144-300x225.jpg 300w, https:\/\/iips.usac.edu.gt\/wp-content\/uploads\/2019\/11\/IMG_20191030_092144-768x576.jpg 768w, https:\/\/iips.usac.edu.gt\/wp-content\/uploads\/2019\/11\/IMG_20191030_092144-1024x768.jpg 1024w\" sizes=\"(max-width: 4608px) 100vw, 4608px\" \/> <img loading=\"lazy\" decoding=\"async\" class=\"alignleft size-full wp-image-3503\" src=\"https:\/\/iips.usac.edu.gt\/wp-content\/uploads\/2019\/11\/IMG_20191030_092755.jpg\" alt=\"\" width=\"4608\" height=\"3456\" srcset=\"https:\/\/iips.usac.edu.gt\/wp-content\/uploads\/2019\/11\/IMG_20191030_092755.jpg 4608w, https:\/\/iips.usac.edu.gt\/wp-content\/uploads\/2019\/11\/IMG_20191030_092755-300x225.jpg 300w, https:\/\/iips.usac.edu.gt\/wp-content\/uploads\/2019\/11\/IMG_20191030_092755-768x576.jpg 768w, https:\/\/iips.usac.edu.gt\/wp-content\/uploads\/2019\/11\/IMG_20191030_092755-1024x768.jpg 1024w\" sizes=\"(max-width: 4608px) 100vw, 4608px\" \/> <img loading=\"lazy\" decoding=\"async\" class=\"alignleft size-full wp-image-3504\" src=\"https:\/\/iips.usac.edu.gt\/wp-content\/uploads\/2019\/11\/IMG_20191030_115810.jpg\" alt=\"\" width=\"3456\" height=\"4608\" srcset=\"https:\/\/iips.usac.edu.gt\/wp-content\/uploads\/2019\/11\/IMG_20191030_115810.jpg 3456w, https:\/\/iips.usac.edu.gt\/wp-content\/uploads\/2019\/11\/IMG_20191030_115810-225x300.jpg 225w, https:\/\/iips.usac.edu.gt\/wp-content\/uploads\/2019\/11\/IMG_20191030_115810-768x1024.jpg 768w\" sizes=\"(max-width: 3456px) 100vw, 3456px\" \/> <img loading=\"lazy\" decoding=\"async\" class=\"alignleft size-full wp-image-3505\" src=\"https:\/\/iips.usac.edu.gt\/wp-content\/uploads\/2019\/11\/IMG_20191030_121546.jpg\" alt=\"\" width=\"4608\" height=\"3456\" srcset=\"https:\/\/iips.usac.edu.gt\/wp-content\/uploads\/2019\/11\/IMG_20191030_121546.jpg 4608w, https:\/\/iips.usac.edu.gt\/wp-content\/uploads\/2019\/11\/IMG_20191030_121546-300x225.jpg 300w, https:\/\/iips.usac.edu.gt\/wp-content\/uploads\/2019\/11\/IMG_20191030_121546-768x576.jpg 768w, https:\/\/iips.usac.edu.gt\/wp-content\/uploads\/2019\/11\/IMG_20191030_121546-1024x768.jpg 1024w\" sizes=\"(max-width: 4608px) 100vw, 4608px\" \/> <img loading=\"lazy\" decoding=\"async\" class=\"alignleft size-full wp-image-3506\" src=\"https:\/\/iips.usac.edu.gt\/wp-content\/uploads\/2019\/11\/IMG-20191030-WA0043.jpg\" alt=\"\" width=\"864\" height=\"1152\" srcset=\"https:\/\/iips.usac.edu.gt\/wp-content\/uploads\/2019\/11\/IMG-20191030-WA0043.jpg 864w, https:\/\/iips.usac.edu.gt\/wp-content\/uploads\/2019\/11\/IMG-20191030-WA0043-225x300.jpg 225w, https:\/\/iips.usac.edu.gt\/wp-content\/uploads\/2019\/11\/IMG-20191030-WA0043-768x1024.jpg 768w\" sizes=\"(max-width: 864px) 100vw, 864px\" \/> <img loading=\"lazy\" decoding=\"async\" class=\"alignleft size-full wp-image-3507\" src=\"https:\/\/iips.usac.edu.gt\/wp-content\/uploads\/2019\/11\/IMG-20191030-WA0048.jpg\" alt=\"\" width=\"864\" height=\"1152\" srcset=\"https:\/\/iips.usac.edu.gt\/wp-content\/uploads\/2019\/11\/IMG-20191030-WA0048.jpg 864w, https:\/\/iips.usac.edu.gt\/wp-content\/uploads\/2019\/11\/IMG-20191030-WA0048-225x300.jpg 225w, https:\/\/iips.usac.edu.gt\/wp-content\/uploads\/2019\/11\/IMG-20191030-WA0048-768x1024.jpg 768w\" sizes=\"(max-width: 864px) 100vw, 864px\" \/> <img loading=\"lazy\" decoding=\"async\" class=\"alignleft size-full wp-image-3508\" src=\"https:\/\/iips.usac.edu.gt\/wp-content\/uploads\/2019\/11\/IMG-20191030-WA0053.jpg\" alt=\"\" width=\"864\" height=\"1152\" srcset=\"https:\/\/iips.usac.edu.gt\/wp-content\/uploads\/2019\/11\/IMG-20191030-WA0053.jpg 864w, https:\/\/iips.usac.edu.gt\/wp-content\/uploads\/2019\/11\/IMG-20191030-WA0053-225x300.jpg 225w, https:\/\/iips.usac.edu.gt\/wp-content\/uploads\/2019\/11\/IMG-20191030-WA0053-768x1024.jpg 768w\" sizes=\"(max-width: 864px) 100vw, 864px\" \/><\/p>\n<hr \/>\n<p><strong>Segundo d\u00eda: III Congreso de Relaciones Internacionales\u00a0<\/strong><\/p>\n<p><img loading=\"lazy\" decoding=\"async\" class=\"alignleft size-full wp-image-3489\" src=\"https:\/\/iips.usac.edu.gt\/wp-content\/uploads\/2019\/11\/20191029_110449.jpg\" alt=\"\" width=\"4128\" height=\"1908\" srcset=\"https:\/\/iips.usac.edu.gt\/wp-content\/uploads\/2019\/11\/20191029_110449.jpg 4128w, https:\/\/iips.usac.edu.gt\/wp-content\/uploads\/2019\/11\/20191029_110449-300x139.jpg 300w, https:\/\/iips.usac.edu.gt\/wp-content\/uploads\/2019\/11\/20191029_110449-768x355.jpg 768w, https:\/\/iips.usac.edu.gt\/wp-content\/uploads\/2019\/11\/20191029_110449-1024x473.jpg 1024w\" sizes=\"(max-width: 4128px) 100vw, 4128px\" \/> <img loading=\"lazy\" decoding=\"async\" class=\"alignleft size-full wp-image-3490\" src=\"https:\/\/iips.usac.edu.gt\/wp-content\/uploads\/2019\/11\/20191029_110555.jpg\" alt=\"\" width=\"3264\" height=\"1504\" srcset=\"https:\/\/iips.usac.edu.gt\/wp-content\/uploads\/2019\/11\/20191029_110555.jpg 3264w, https:\/\/iips.usac.edu.gt\/wp-content\/uploads\/2019\/11\/20191029_110555-300x138.jpg 300w, https:\/\/iips.usac.edu.gt\/wp-content\/uploads\/2019\/11\/20191029_110555-768x354.jpg 768w, https:\/\/iips.usac.edu.gt\/wp-content\/uploads\/2019\/11\/20191029_110555-1024x472.jpg 1024w\" sizes=\"(max-width: 3264px) 100vw, 3264px\" \/> <img loading=\"lazy\" decoding=\"async\" class=\"alignleft size-full wp-image-3491\" src=\"https:\/\/iips.usac.edu.gt\/wp-content\/uploads\/2019\/11\/20191029_111506.jpg\" alt=\"\" width=\"4128\" height=\"1908\" srcset=\"https:\/\/iips.usac.edu.gt\/wp-content\/uploads\/2019\/11\/20191029_111506.jpg 4128w, https:\/\/iips.usac.edu.gt\/wp-content\/uploads\/2019\/11\/20191029_111506-300x139.jpg 300w, https:\/\/iips.usac.edu.gt\/wp-content\/uploads\/2019\/11\/20191029_111506-768x355.jpg 768w, https:\/\/iips.usac.edu.gt\/wp-content\/uploads\/2019\/11\/20191029_111506-1024x473.jpg 1024w\" sizes=\"(max-width: 4128px) 100vw, 4128px\" \/> <img loading=\"lazy\" decoding=\"async\" class=\"alignleft size-full wp-image-3492\" src=\"https:\/\/iips.usac.edu.gt\/wp-content\/uploads\/2019\/11\/20191029_111515.jpg\" alt=\"\" width=\"2560\" height=\"1184\" srcset=\"https:\/\/iips.usac.edu.gt\/wp-content\/uploads\/2019\/11\/20191029_111515.jpg 2560w, https:\/\/iips.usac.edu.gt\/wp-content\/uploads\/2019\/11\/20191029_111515-300x139.jpg 300w, https:\/\/iips.usac.edu.gt\/wp-content\/uploads\/2019\/11\/20191029_111515-768x355.jpg 768w, https:\/\/iips.usac.edu.gt\/wp-content\/uploads\/2019\/11\/20191029_111515-1024x474.jpg 1024w\" sizes=\"(max-width: 2560px) 100vw, 2560px\" \/> <img loading=\"lazy\" decoding=\"async\" class=\"alignleft size-full wp-image-3493\" src=\"https:\/\/iips.usac.edu.gt\/wp-content\/uploads\/2019\/11\/20191029_113441.jpg\" alt=\"\" width=\"3264\" height=\"1504\" srcset=\"https:\/\/iips.usac.edu.gt\/wp-content\/uploads\/2019\/11\/20191029_113441.jpg 3264w, https:\/\/iips.usac.edu.gt\/wp-content\/uploads\/2019\/11\/20191029_113441-300x138.jpg 300w, https:\/\/iips.usac.edu.gt\/wp-content\/uploads\/2019\/11\/20191029_113441-768x354.jpg 768w, https:\/\/iips.usac.edu.gt\/wp-content\/uploads\/2019\/11\/20191029_113441-1024x472.jpg 1024w\" sizes=\"(max-width: 3264px) 100vw, 3264px\" \/> <img loading=\"lazy\" decoding=\"async\" class=\"alignleft size-full wp-image-3494\" src=\"https:\/\/iips.usac.edu.gt\/wp-content\/uploads\/2019\/11\/20191029_113505.jpg\" alt=\"\" width=\"3264\" height=\"1504\" srcset=\"https:\/\/iips.usac.edu.gt\/wp-content\/uploads\/2019\/11\/20191029_113505.jpg 3264w, https:\/\/iips.usac.edu.gt\/wp-content\/uploads\/2019\/11\/20191029_113505-300x138.jpg 300w, https:\/\/iips.usac.edu.gt\/wp-content\/uploads\/2019\/11\/20191029_113505-768x354.jpg 768w, https:\/\/iips.usac.edu.gt\/wp-content\/uploads\/2019\/11\/20191029_113505-1024x472.jpg 1024w\" sizes=\"(max-width: 3264px) 100vw, 3264px\" \/> <img loading=\"lazy\" decoding=\"async\" class=\"alignleft size-full wp-image-3495\" src=\"https:\/\/iips.usac.edu.gt\/wp-content\/uploads\/2019\/11\/20191029_124118.jpg\" alt=\"\" width=\"4128\" height=\"1908\" srcset=\"https:\/\/iips.usac.edu.gt\/wp-content\/uploads\/2019\/11\/20191029_124118.jpg 4128w, https:\/\/iips.usac.edu.gt\/wp-content\/uploads\/2019\/11\/20191029_124118-300x139.jpg 300w, https:\/\/iips.usac.edu.gt\/wp-content\/uploads\/2019\/11\/20191029_124118-768x355.jpg 768w, https:\/\/iips.usac.edu.gt\/wp-content\/uploads\/2019\/11\/20191029_124118-1024x473.jpg 1024w\" sizes=\"(max-width: 4128px) 100vw, 4128px\" \/> <img loading=\"lazy\" decoding=\"async\" class=\"alignleft size-full wp-image-3496\" src=\"https:\/\/iips.usac.edu.gt\/wp-content\/uploads\/2019\/11\/20191029_124136.jpg\" alt=\"\" width=\"3264\" height=\"1504\" srcset=\"https:\/\/iips.usac.edu.gt\/wp-content\/uploads\/2019\/11\/20191029_124136.jpg 3264w, https:\/\/iips.usac.edu.gt\/wp-content\/uploads\/2019\/11\/20191029_124136-300x138.jpg 300w, https:\/\/iips.usac.edu.gt\/wp-content\/uploads\/2019\/11\/20191029_124136-768x354.jpg 768w, https:\/\/iips.usac.edu.gt\/wp-content\/uploads\/2019\/11\/20191029_124136-1024x472.jpg 1024w\" sizes=\"(max-width: 3264px) 100vw, 3264px\" \/> <img loading=\"lazy\" decoding=\"async\" class=\"alignleft size-full wp-image-3497\" src=\"https:\/\/iips.usac.edu.gt\/wp-content\/uploads\/2019\/11\/20191029_124150.jpg\" alt=\"\" width=\"3264\" height=\"1504\" srcset=\"https:\/\/iips.usac.edu.gt\/wp-content\/uploads\/2019\/11\/20191029_124150.jpg 3264w, https:\/\/iips.usac.edu.gt\/wp-content\/uploads\/2019\/11\/20191029_124150-300x138.jpg 300w, https:\/\/iips.usac.edu.gt\/wp-content\/uploads\/2019\/11\/20191029_124150-768x354.jpg 768w, https:\/\/iips.usac.edu.gt\/wp-content\/uploads\/2019\/11\/20191029_124150-1024x472.jpg 1024w\" sizes=\"(max-width: 3264px) 100vw, 3264px\" \/> <img loading=\"lazy\" decoding=\"async\" class=\"alignleft size-full wp-image-3498\" src=\"https:\/\/iips.usac.edu.gt\/wp-content\/uploads\/2019\/11\/20191029_124254.jpg\" alt=\"\" width=\"3264\" height=\"1504\" srcset=\"https:\/\/iips.usac.edu.gt\/wp-content\/uploads\/2019\/11\/20191029_124254.jpg 3264w, https:\/\/iips.usac.edu.gt\/wp-content\/uploads\/2019\/11\/20191029_124254-300x138.jpg 300w, https:\/\/iips.usac.edu.gt\/wp-content\/uploads\/2019\/11\/20191029_124254-768x354.jpg 768w, https:\/\/iips.usac.edu.gt\/wp-content\/uploads\/2019\/11\/20191029_124254-1024x472.jpg 1024w\" sizes=\"(max-width: 3264px) 100vw, 3264px\" \/> <img loading=\"lazy\" decoding=\"async\" class=\"alignleft size-full wp-image-3499\" src=\"https:\/\/iips.usac.edu.gt\/wp-content\/uploads\/2019\/11\/20191029_124521.jpg\" alt=\"\" width=\"3264\" height=\"1504\" srcset=\"https:\/\/iips.usac.edu.gt\/wp-content\/uploads\/2019\/11\/20191029_124521.jpg 3264w, https:\/\/iips.usac.edu.gt\/wp-content\/uploads\/2019\/11\/20191029_124521-300x138.jpg 300w, https:\/\/iips.usac.edu.gt\/wp-content\/uploads\/2019\/11\/20191029_124521-768x354.jpg 768w, https:\/\/iips.usac.edu.gt\/wp-content\/uploads\/2019\/11\/20191029_124521-1024x472.jpg 1024w\" sizes=\"(max-width: 3264px) 100vw, 3264px\" \/><\/p>\n<hr \/>\n<p>Fotograf\u00edas de ponencias, mesas redondas, t\u00e9cnicas y tem\u00e1ticas. <strong>Primer d\u00eda: III Congreso de Relaciones Internacionales<\/strong>, realizado en Antigua Guatemala en las fechas 28, 29 y 30 de octubre del presente a\u00f1o.<\/p>\n<p><img loading=\"lazy\" decoding=\"async\" class=\"alignleft size-full wp-image-3468\" src=\"https:\/\/iips.usac.edu.gt\/wp-content\/uploads\/2019\/11\/IMG_20191028_090658.jpg\" alt=\"\" width=\"4608\" height=\"3456\" srcset=\"https:\/\/iips.usac.edu.gt\/wp-content\/uploads\/2019\/11\/IMG_20191028_090658.jpg 4608w, https:\/\/iips.usac.edu.gt\/wp-content\/uploads\/2019\/11\/IMG_20191028_090658-300x225.jpg 300w, https:\/\/iips.usac.edu.gt\/wp-content\/uploads\/2019\/11\/IMG_20191028_090658-768x576.jpg 768w, https:\/\/iips.usac.edu.gt\/wp-content\/uploads\/2019\/11\/IMG_20191028_090658-1024x768.jpg 1024w\" sizes=\"(max-width: 4608px) 100vw, 4608px\" \/> <img loading=\"lazy\" decoding=\"async\" class=\"alignleft size-full wp-image-3469\" src=\"https:\/\/iips.usac.edu.gt\/wp-content\/uploads\/2019\/11\/IMG_20191028_144715.jpg\" alt=\"\" width=\"4608\" height=\"3456\" srcset=\"https:\/\/iips.usac.edu.gt\/wp-content\/uploads\/2019\/11\/IMG_20191028_144715.jpg 4608w, https:\/\/iips.usac.edu.gt\/wp-content\/uploads\/2019\/11\/IMG_20191028_144715-300x225.jpg 300w, https:\/\/iips.usac.edu.gt\/wp-content\/uploads\/2019\/11\/IMG_20191028_144715-768x576.jpg 768w, https:\/\/iips.usac.edu.gt\/wp-content\/uploads\/2019\/11\/IMG_20191028_144715-1024x768.jpg 1024w\" sizes=\"(max-width: 4608px) 100vw, 4608px\" \/> <img loading=\"lazy\" decoding=\"async\" class=\"alignleft size-full wp-image-3470\" src=\"https:\/\/iips.usac.edu.gt\/wp-content\/uploads\/2019\/11\/IMG_20191028_145125.jpg\" alt=\"\" width=\"3456\" height=\"4608\" srcset=\"https:\/\/iips.usac.edu.gt\/wp-content\/uploads\/2019\/11\/IMG_20191028_145125.jpg 3456w, https:\/\/iips.usac.edu.gt\/wp-content\/uploads\/2019\/11\/IMG_20191028_145125-225x300.jpg 225w, https:\/\/iips.usac.edu.gt\/wp-content\/uploads\/2019\/11\/IMG_20191028_145125-768x1024.jpg 768w\" sizes=\"(max-width: 3456px) 100vw, 3456px\" \/> <img loading=\"lazy\" decoding=\"async\" class=\"alignleft size-full wp-image-3471\" src=\"https:\/\/iips.usac.edu.gt\/wp-content\/uploads\/2019\/11\/IMG_20191028_152559.jpg\" alt=\"\" width=\"3456\" height=\"4608\" srcset=\"https:\/\/iips.usac.edu.gt\/wp-content\/uploads\/2019\/11\/IMG_20191028_152559.jpg 3456w, https:\/\/iips.usac.edu.gt\/wp-content\/uploads\/2019\/11\/IMG_20191028_152559-225x300.jpg 225w, https:\/\/iips.usac.edu.gt\/wp-content\/uploads\/2019\/11\/IMG_20191028_152559-768x1024.jpg 768w\" sizes=\"(max-width: 3456px) 100vw, 3456px\" \/> <img loading=\"lazy\" decoding=\"async\" class=\"alignleft size-full wp-image-3472\" src=\"https:\/\/iips.usac.edu.gt\/wp-content\/uploads\/2019\/11\/IMG_20191028_160111.jpg\" alt=\"\" width=\"3456\" height=\"4608\" srcset=\"https:\/\/iips.usac.edu.gt\/wp-content\/uploads\/2019\/11\/IMG_20191028_160111.jpg 3456w, https:\/\/iips.usac.edu.gt\/wp-content\/uploads\/2019\/11\/IMG_20191028_160111-225x300.jpg 225w, https:\/\/iips.usac.edu.gt\/wp-content\/uploads\/2019\/11\/IMG_20191028_160111-768x1024.jpg 768w\" sizes=\"(max-width: 3456px) 100vw, 3456px\" \/> <img loading=\"lazy\" decoding=\"async\" class=\"alignleft size-full wp-image-3473\" src=\"https:\/\/iips.usac.edu.gt\/wp-content\/uploads\/2019\/11\/IMG_20191028_165154.jpg\" alt=\"\" width=\"4608\" height=\"3456\" srcset=\"https:\/\/iips.usac.edu.gt\/wp-content\/uploads\/2019\/11\/IMG_20191028_165154.jpg 4608w, https:\/\/iips.usac.edu.gt\/wp-content\/uploads\/2019\/11\/IMG_20191028_165154-300x225.jpg 300w, https:\/\/iips.usac.edu.gt\/wp-content\/uploads\/2019\/11\/IMG_20191028_165154-768x576.jpg 768w, https:\/\/iips.usac.edu.gt\/wp-content\/uploads\/2019\/11\/IMG_20191028_165154-1024x768.jpg 1024w\" sizes=\"(max-width: 4608px) 100vw, 4608px\" \/> <img loading=\"lazy\" decoding=\"async\" class=\"alignleft size-full wp-image-3474\" src=\"https:\/\/iips.usac.edu.gt\/wp-content\/uploads\/2019\/11\/IMG_20191028_172828.jpg\" alt=\"\" width=\"4608\" height=\"3456\" srcset=\"https:\/\/iips.usac.edu.gt\/wp-content\/uploads\/2019\/11\/IMG_20191028_172828.jpg 4608w, https:\/\/iips.usac.edu.gt\/wp-content\/uploads\/2019\/11\/IMG_20191028_172828-300x225.jpg 300w, https:\/\/iips.usac.edu.gt\/wp-content\/uploads\/2019\/11\/IMG_20191028_172828-768x576.jpg 768w, https:\/\/iips.usac.edu.gt\/wp-content\/uploads\/2019\/11\/IMG_20191028_172828-1024x768.jpg 1024w\" sizes=\"(max-width: 4608px) 100vw, 4608px\" \/> <img loading=\"lazy\" decoding=\"async\" class=\"alignleft size-full wp-image-3475\" src=\"https:\/\/iips.usac.edu.gt\/wp-content\/uploads\/2019\/11\/IMG_20191028_174013_613.jpg\" alt=\"\" width=\"1080\" height=\"810\" srcset=\"https:\/\/iips.usac.edu.gt\/wp-content\/uploads\/2019\/11\/IMG_20191028_174013_613.jpg 1080w, https:\/\/iips.usac.edu.gt\/wp-content\/uploads\/2019\/11\/IMG_20191028_174013_613-300x225.jpg 300w, https:\/\/iips.usac.edu.gt\/wp-content\/uploads\/2019\/11\/IMG_20191028_174013_613-768x576.jpg 768w, https:\/\/iips.usac.edu.gt\/wp-content\/uploads\/2019\/11\/IMG_20191028_174013_613-1024x768.jpg 1024w\" sizes=\"(max-width: 1080px) 100vw, 1080px\" \/><\/p>\n<hr \/>\n<p>Programa general del III Congreso de Relaciones Internacionales en el marco de los 100 a\u00f1os de conmemoraci\u00f3n de est\u00e1 disciplina.<br \/>\n<a href=\"https:\/\/iips.usac.edu.gt\/wp-content\/uploads\/2019\/10\/Programa-Tercer-Congreso-de-Relaciones-Internacionales.pdf\" target=\"_blank\" rel=\"noopener\"><img loading=\"lazy\" decoding=\"async\" class=\"alignleft wp-image-3436 size-full\" src=\"https:\/\/iips.usac.edu.gt\/wp-content\/uploads\/2019\/10\/Afiche-Relaciones-Internacionales.jpg\" alt=\"\" width=\"3124\" height=\"4767\" srcset=\"https:\/\/iips.usac.edu.gt\/wp-content\/uploads\/2019\/10\/Afiche-Relaciones-Internacionales.jpg 3124w, https:\/\/iips.usac.edu.gt\/wp-content\/uploads\/2019\/10\/Afiche-Relaciones-Internacionales-197x300.jpg 197w, https:\/\/iips.usac.edu.gt\/wp-content\/uploads\/2019\/10\/Afiche-Relaciones-Internacionales-768x1172.jpg 768w, https:\/\/iips.usac.edu.gt\/wp-content\/uploads\/2019\/10\/Afiche-Relaciones-Internacionales-671x1024.jpg 671w\" sizes=\"(max-width: 3124px) 100vw, 3124px\" \/><\/a><\/p>\n<hr \/>\n<p><a href=\"https:\/\/iips.usac.edu.gt\/wp-content\/uploads\/2019\/09\/Convocatoria-III-Congreso-Relaciones-Internacionales.pdf\" target=\"_blank\" rel=\"noopener\"><img loading=\"lazy\" decoding=\"async\" class=\"alignleft wp-image-3365 size-full\" src=\"https:\/\/iips.usac.edu.gt\/wp-content\/uploads\/2019\/09\/Afiche-III-Congreso-de-Relaciones-Internacionales.jpg\" alt=\"\" width=\"2550\" height=\"3300\" srcset=\"https:\/\/iips.usac.edu.gt\/wp-content\/uploads\/2019\/09\/Afiche-III-Congreso-de-Relaciones-Internacionales.jpg 2550w, https:\/\/iips.usac.edu.gt\/wp-content\/uploads\/2019\/09\/Afiche-III-Congreso-de-Relaciones-Internacionales-232x300.jpg 232w, https:\/\/iips.usac.edu.gt\/wp-content\/uploads\/2019\/09\/Afiche-III-Congreso-de-Relaciones-Internacionales-768x994.jpg 768w, https:\/\/iips.usac.edu.gt\/wp-content\/uploads\/2019\/09\/Afiche-III-Congreso-de-Relaciones-Internacionales-791x1024.jpg 791w\" sizes=\"(max-width: 2550px) 100vw, 2550px\" \/><\/a><\/p>\n","protected":false},"excerpt":{"rendered":"<p>Tercer d\u00eda: III Congreso de Relaciones Internacionales\u00a0 Segundo d\u00eda: III Congreso de Relaciones Internacionales\u00a0 Fotograf\u00edas de ponencias, mesas redondas, t\u00e9cnicas y tem\u00e1ticas. Primer d\u00eda: III Congreso de Relaciones Internacionales, realizado en Antigua Guatemala en las fechas 28, 29 y 30 de octubre del presente a\u00f1o. Programa general del III Congreso de Relaciones Internacionales en el [&hellip;]<\/p>\n","protected":false},"author":2,"featured_media":0,"parent":0,"menu_order":0,"comment_status":"closed","ping_status":"closed","template":"","meta":{"footnotes":""},"class_list":["post-3362","page","type-page","status-publish","czr-hentry"],"_links":{"self":[{"href":"https:\/\/iips.usac.edu.gt\/index.php?rest_route=\/wp\/v2\/pages\/3362"}],"collection":[{"href":"https:\/\/iips.usac.edu.gt\/index.php?rest_route=\/wp\/v2\/pages"}],"about":[{"href":"https:\/\/iips.usac.edu.gt\/index.php?rest_route=\/wp\/v2\/types\/page"}],"author":[{"embeddable":true,"href":"https:\/\/iips.usac.edu.gt\/index.php?rest_route=\/wp\/v2\/users\/2"}],"replies":[{"embeddable":true,"href":"https:\/\/iips.usac.edu.gt\/index.php?rest_route=%2Fwp%2Fv2%2Fcomments&post=3362"}],"version-history":[{"count":8,"href":"https:\/\/iips.usac.edu.gt\/index.php?rest_route=\/wp\/v2\/pages\/3362\/revisions"}],"predecessor-version":[{"id":3509,"href":"https:\/\/iips.usac.edu.gt\/index.php?rest_route=\/wp\/v2\/pages\/3362\/revisions\/3509"}],"wp:attachment":[{"href":"https:\/\/iips.usac.edu.gt\/index.php?rest_route=%2Fwp%2Fv2%2Fmedia&parent=3362"}],"curies":[{"name":"wp","href":"https:\/\/api.w.org\/{rel}","templated":true}]}}