{"id":342,"date":"2017-11-13T16:09:12","date_gmt":"2017-11-13T16:09:12","guid":{"rendered":"http:\/\/c3.usac.edu.gt\/iips.usac.edu.gt\/public_html\/?page_id=342"},"modified":"2017-11-13T16:21:48","modified_gmt":"2017-11-13T16:21:48","slug":"curso-metodologia-de-investigacion-aplicada","status":"publish","type":"page","link":"https:\/\/iips.usac.edu.gt\/?page_id=342","title":{"rendered":"Curso: Metodolog\u00eda de investigaci\u00f3n aplicada"},"content":{"rendered":"<p><strong>CURSO: METODOLOG\u00cdA DE INVESTIGACI\u00d3N APLICADA<\/strong><\/p>\n<p>-CCI\/ECP-<\/p>\n<p>Con el prop\u00f3sito de fortalecer el conocimiento sobre metodolog\u00edas de investigaci\u00f3n aplicada y potenciar las capacidades de la comunidad estudiantil y profesional, la Coordinaci\u00f3n de Cooperaci\u00f3n Internacional \u2013CCI- de la Escuela de Ciencia Pol\u00edtica, inici\u00f3 gestiones para establecer un intercambio acad\u00e9mico y favorecer la movilidad docente con la Universidad Alice Salomon de \u00a0Alemania.<\/p>\n<p>El resultado de estas diligencias se concret\u00f3 con la visita a la Escuela de Ciencia Pol\u00edtica del Doctor Heinz Stapf-Fin\u00e9, quien en su calidad de Profesor Invitado imparti\u00f3, en dos etapas de trabajo (del 1 al 11 de marzo y del 28 de marzo al 8 de abril del 2016), los Cursos sobre <em>Metodolog\u00eda de Investigaci\u00f3n Aplicada; Metodolog\u00eda de Investigaci\u00f3n Aplicada al Desarrollo Local <\/em>y<em> Metodolog\u00eda de Investigaci\u00f3n Aplicada al Fomento de la Democracia Participativa<\/em>. \u00a0Los contenidos acad\u00e9micos y pr\u00e1cticos fueron compartidos con investigadores, docentes, estudiantes de carrera y estudiantes que se encuentran en el proceso de elaboraci\u00f3n de Tesis de Grado en nuestra unidad acad\u00e9mica.<\/p>\n<p>&nbsp;<\/p>\n<p>Como complemento a esta visita de \u00edndole acad\u00e9mico, un docente y el Director de la Escuela de Ciencia Pol\u00edtica participaron en la 21\u00ba Escuela de Verano Internacional de Trabajo Social: <em>Integraci\u00f3n Social de Refugiados<\/em>, realizada en\u00a0 la Universidad Alicia Salomon, del 6 al 15 de julio del presente a\u00f1o. Con este ejercicio tambi\u00e9n se concret\u00f3 la promoci\u00f3n de la movilidad de profesores de nuestra Escuela y se espera que la misma permita replicar y promocionar proyectos de cooperaci\u00f3n entre las universidades de ambos pa\u00edses.<\/p>\n<p>&nbsp;<\/p>\n<p>Durante la estad\u00eda de los dos profesionales en Alemania se firm\u00f3 una Carta de Entendimiento de Cooperaci\u00f3n Acad\u00e9mica con el objeto de fortalecerlos lazos de amistad y cooperaci\u00f3n entre la Universidad de San Carlos de Guatemala y la Universidad Alice Salomon de Alemania.\u00a0 Con esta experiencia la Coordinaci\u00f3n de Cooperaci\u00f3n Internacional y el Servicio Alem\u00e1n de Intercambio Acad\u00e9mico reafirman el esp\u00edritu de trabajar conjuntamente para el desarrollo de las capacidades acad\u00e9micas universitarias.<\/p>\n","protected":false},"excerpt":{"rendered":"<p>CURSO: METODOLOG\u00cdA DE INVESTIGACI\u00d3N APLICADA -CCI\/ECP- Con el prop\u00f3sito de fortalecer el conocimiento sobre metodolog\u00edas de investigaci\u00f3n aplicada y potenciar las capacidades de la comunidad estudiantil y profesional, la Coordinaci\u00f3n de Cooperaci\u00f3n Internacional \u2013CCI- de la Escuela de Ciencia Pol\u00edtica, inici\u00f3 gestiones para establecer un intercambio acad\u00e9mico y favorecer la movilidad docente con la Universidad [&hellip;]<\/p>\n","protected":false},"author":2,"featured_media":0,"parent":212,"menu_order":0,"comment_status":"closed","ping_status":"closed","template":"","meta":{"footnotes":""},"class_list":["post-342","page","type-page","status-publish","czr-hentry"],"_links":{"self":[{"href":"https:\/\/iips.usac.edu.gt\/index.php?rest_route=\/wp\/v2\/pages\/342"}],"collection":[{"href":"https:\/\/iips.usac.edu.gt\/index.php?rest_route=\/wp\/v2\/pages"}],"about":[{"href":"https:\/\/iips.usac.edu.gt\/index.php?rest_route=\/wp\/v2\/types\/page"}],"author":[{"embeddable":true,"href":"https:\/\/iips.usac.edu.gt\/index.php?rest_route=\/wp\/v2\/users\/2"}],"replies":[{"embeddable":true,"href":"https:\/\/iips.usac.edu.gt\/index.php?rest_route=%2Fwp%2Fv2%2Fcomments&post=342"}],"version-history":[{"count":2,"href":"https:\/\/iips.usac.edu.gt\/index.php?rest_route=\/wp\/v2\/pages\/342\/revisions"}],"predecessor-version":[{"id":353,"href":"https:\/\/iips.usac.edu.gt\/index.php?rest_route=\/wp\/v2\/pages\/342\/revisions\/353"}],"up":[{"embeddable":true,"href":"https:\/\/iips.usac.edu.gt\/index.php?rest_route=\/wp\/v2\/pages\/212"}],"wp:attachment":[{"href":"https:\/\/iips.usac.edu.gt\/index.php?rest_route=%2Fwp%2Fv2%2Fmedia&parent=342"}],"curies":[{"name":"wp","href":"https:\/\/api.w.org\/{rel}","templated":true}]}}