{"id":344,"date":"2017-11-13T16:10:24","date_gmt":"2017-11-13T16:10:24","guid":{"rendered":"http:\/\/c3.usac.edu.gt\/iips.usac.edu.gt\/public_html\/?page_id=344"},"modified":"2017-11-13T16:27:38","modified_gmt":"2017-11-13T16:27:38","slug":"segunda-semana-academica-cubano-guatemalteca-manuel-galich","status":"publish","type":"page","link":"https:\/\/iips.usac.edu.gt\/?page_id=344","title":{"rendered":"Segunda semana cubano-guatemalteca \u201cMANUEL GALICH\u201d"},"content":{"rendered":"<p><strong>SEGUNDA SEMANA ACAD\u00c9MICA CUBANO-GUATEMALTECA \u201cMANUEL GALICH\u201d<\/strong><\/p>\n<p>-CELAT\/ECP-<\/p>\n<p>El Centro de Estudios Latinoamericanos \u201cManuel Galich\u201d\u00a0 (CELAT) realiz\u00f3 por segundo a\u00f1o consecutivo la Semana Acad\u00e9mica Cubano-Guatemalteca \u201cManuel Galich, con la finalidad de dar a conocer el pensamiento cr\u00edtico latinoamericano, tomando en cuenta que Manuel Galich fue un intelectual que dej\u00f3 un valioso legado a su pa\u00eds, Guatemala, y a la Am\u00e9rica Latina.<\/p>\n<p>La Segunda Semana Acad\u00e9mica Cubano-Guatemalteca cont\u00f3 con la participaci\u00f3n de la Licenciada Susel Guti\u00e9rrez, representante de la Casa de las Am\u00e9ricas, de Cuba. A prop\u00f3sito de Cuba, es importante resaltar que en la Universidad de La Habana existe la c\u00e1tedra \u201cManuel Galich\u201d, cuyos miembros se dedican a promover la obra de intelectuales latinoamericanos y a exaltar la obra y el legado de Manuel Galich.<\/p>\n<p>La semana estuvo cargada de actividades muy importantes, mismas que se describen a continuaci\u00f3n de acuerdo al d\u00eda en que fueron realizadas.El lunes 25 de abril, se llev\u00f3 a cabo la inauguraci\u00f3n en el Auditorio Jorge Romero Imery, en la que se cont\u00f3 con la presencia del Embajador y del C\u00f3nsul cubanos.<\/p>\n<p>El martes 26 de abril, se realiz\u00f3 la presentaci\u00f3n de la producci\u00f3n editorial del CELAT, a cargo del Director de la Escuela de Ciencia Pol\u00edtica. Los libros presentados fueron:<em>Visi\u00f3n Integra de Am\u00e9rica Latina<\/em>, de Alberto Prieto; <em>Movimientos sociales y partidos pol\u00edticos en Guatemala,<\/em> de Sergio Guerra Vilaboy; <em>Breve Historia Intercultural de Guatemala,<\/em> de Mario Roberto Morales; <em>Democracia y pol\u00edtica econ\u00f3mica en Am\u00e9rica Latina<\/em>, de Jos\u00e9 Ram\u00f3n Garc\u00eda Men\u00e9ndez; y,\u00a0 <em>Nuestros Primeros Padres<\/em>, de Manuel Galich.\u00a0 Posteriormente se procedi\u00f3 a inaugurar una exposici\u00f3n fotogr\u00e1fica en la Sala \u201cManuel Galich\u201d.<\/p>\n<p>El mi\u00e9rcoles 27 de abril, se realiz\u00f3 el acto en el cual el presidente del Colegio de Abogados y Notarios de Guatemala, Marco Antonio Sagastume Gemmell, le hizo un homenaje a la Escuela de Ciencia Pol\u00edtica y a su Director, mediante un diploma de reconocimiento a sus labores y logros.<\/p>\n<p>El jueves 28 de abril, la actividad se desarroll\u00f3 en el Teatro de C\u00e1mara \u201cHugo Carrillo\u201d, contando con la participaci\u00f3n de la Academia Guatemalteca de la Lengua, cuya Directiva nombr\u00f3 a Manuel Galich Dramaturgo Nacional, y el escritor y acad\u00e9mico Mario Alberto Carrera dio una conferencia sobre Galich, luego que el Director de la Editorial Cultura, Francisco Morales Santos, presentara el libro de Carrera, <em>Pensamiento pol\u00edtico en la obra de Manuel Galich<\/em>.<\/p>\n<p>Adem\u00e1s, se cont\u00f3 con la participaci\u00f3n del grupo de teatro de la Escuela de Ciencia Pol\u00edtica con la presentaci\u00f3n de la obra: \u201c<em>Puedelotodo vencido\u201d<\/em>, de Manuel Galich.<\/p>\n<p>El viernes 29 de abril, finaliz\u00f3 la Semana en el Auditorio Jorge Romero Imery, en donde la Licenciada Susel Guti\u00e9rrez, dio una conferencia sobre Manuel Galich, y se present\u00f3 la pel\u00edcula cubana <em>\u201cEl \u00faltimo cargo\u201d<\/em>, escrita por Manuel Galich y producida por la televisi\u00f3n cubana en 1976.<\/p>\n<p><strong>\u00a0<\/strong><\/p>\n","protected":false},"excerpt":{"rendered":"<p>SEGUNDA SEMANA ACAD\u00c9MICA CUBANO-GUATEMALTECA \u201cMANUEL GALICH\u201d -CELAT\/ECP- El Centro de Estudios Latinoamericanos \u201cManuel Galich\u201d\u00a0 (CELAT) realiz\u00f3 por segundo a\u00f1o consecutivo la Semana Acad\u00e9mica Cubano-Guatemalteca \u201cManuel Galich, con la finalidad de dar a conocer el pensamiento cr\u00edtico latinoamericano, tomando en cuenta que Manuel Galich fue un intelectual que dej\u00f3 un valioso legado a su pa\u00eds, Guatemala, [&hellip;]<\/p>\n","protected":false},"author":2,"featured_media":0,"parent":212,"menu_order":0,"comment_status":"closed","ping_status":"closed","template":"","meta":{"footnotes":""},"class_list":["post-344","page","type-page","status-publish","czr-hentry"],"_links":{"self":[{"href":"https:\/\/iips.usac.edu.gt\/index.php?rest_route=\/wp\/v2\/pages\/344"}],"collection":[{"href":"https:\/\/iips.usac.edu.gt\/index.php?rest_route=\/wp\/v2\/pages"}],"about":[{"href":"https:\/\/iips.usac.edu.gt\/index.php?rest_route=\/wp\/v2\/types\/page"}],"author":[{"embeddable":true,"href":"https:\/\/iips.usac.edu.gt\/index.php?rest_route=\/wp\/v2\/users\/2"}],"replies":[{"embeddable":true,"href":"https:\/\/iips.usac.edu.gt\/index.php?rest_route=%2Fwp%2Fv2%2Fcomments&post=344"}],"version-history":[{"count":2,"href":"https:\/\/iips.usac.edu.gt\/index.php?rest_route=\/wp\/v2\/pages\/344\/revisions"}],"predecessor-version":[{"id":358,"href":"https:\/\/iips.usac.edu.gt\/index.php?rest_route=\/wp\/v2\/pages\/344\/revisions\/358"}],"up":[{"embeddable":true,"href":"https:\/\/iips.usac.edu.gt\/index.php?rest_route=\/wp\/v2\/pages\/212"}],"wp:attachment":[{"href":"https:\/\/iips.usac.edu.gt\/index.php?rest_route=%2Fwp%2Fv2%2Fmedia&parent=344"}],"curies":[{"name":"wp","href":"https:\/\/api.w.org\/{rel}","templated":true}]}}

<p><strong>SEGUNDA SEMANA ACADÉMICA CUBANO-GUATEMALTECA “MANUEL GALICH”</strong></p>
<p>-CELAT/ECP-</p>
<p>El Centro de Estudios Latinoamericanos “Manuel Galich”  (CELAT) realizó por segundo año consecutivo la Semana Académica Cubano-Guatemalteca “Manuel Galich, con la finalidad de dar a conocer el pensamiento crítico latinoamericano, tomando en cuenta que Manuel Galich fue un intelectual que dejó un valioso legado a su país, Guatemala, y a la América Latina.</p>
<p>La Segunda Semana Académica Cubano-Guatemalteca contó con la participación de la Licenciada Susel Gutiérrez, representante de la Casa de las Américas, de Cuba. A propósito de Cuba, es importante resaltar que en la Universidad de La Habana existe la cátedra “Manuel Galich”, cuyos miembros se dedican a promover la obra de intelectuales latinoamericanos y a exaltar la obra y el legado de Manuel Galich.</p>
<p>La semana estuvo cargada de actividades muy importantes, mismas que se describen a continuación de acuerdo al día en que fueron realizadas.El lunes 25 de abril, se llevó a cabo la inauguración en el Auditorio Jorge Romero Imery, en la que se contó con la presencia del Embajador y del Cónsul cubanos.</p>
<p>El martes 26 de abril, se realizó la presentación de la producción editorial del CELAT, a cargo del Director de la Escuela de Ciencia Política. Los libros presentados fueron:<em>Visión Integra de América Latina</em>, de Alberto Prieto; <em>Movimientos sociales y partidos políticos en Guatemala,</em> de Sergio Guerra Vilaboy; <em>Breve Historia Intercultural de Guatemala,</em> de Mario Roberto Morales; <em>Democracia y política económica en América Latina</em>, de José Ramón García Menéndez; y,  <em>Nuestros Primeros Padres</em>, de Manuel Galich.  Posteriormente se procedió a inaugurar una exposición fotográfica en la Sala “Manuel Galich”.</p>
<p>El miércoles 27 de abril, se realizó el acto en el cual el presidente del Colegio de Abogados y Notarios de Guatemala, Marco Antonio Sagastume Gemmell, le hizo un homenaje a la Escuela de Ciencia Política y a su Director, mediante un diploma de reconocimiento a sus labores y logros.</p>
<p>El jueves 28 de abril, la actividad se desarrolló en el Teatro de Cámara “Hugo Carrillo”, contando con la participación de la Academia Guatemalteca de la Lengua, cuya Directiva nombró a Manuel Galich Dramaturgo Nacional, y el escritor y académico Mario Alberto Carrera dio una conferencia sobre Galich, luego que el Director de la Editorial Cultura, Francisco Morales Santos, presentara el libro de Carrera, <em>Pensamiento político en la obra de Manuel Galich</em>.</p>
<p>Además, se contó con la participación del grupo de teatro de la Escuela de Ciencia Política con la presentación de la obra: “<em>Puedelotodo vencido”</em>, de Manuel Galich.</p>
<p>El viernes 29 de abril, finalizó la Semana en el Auditorio Jorge Romero Imery, en donde la Licenciada Susel Gutiérrez, dio una conferencia sobre Manuel Galich, y se presentó la película cubana <em>“El último cargo”</em>, escrita por Manuel Galich y producida por la televisión cubana en 1976.</p>
<p><strong> </strong></p>

<p>SEGUNDA SEMANA ACADÉMICA CUBANO-GUATEMALTECA “MANUEL GALICH” -CELAT/ECP- El Centro de Estudios Latinoamericanos “Manuel Galich”  (CELAT) realizó por segundo año consecutivo la Semana Académica Cubano-Guatemalteca “Manuel Galich, con la finalidad de dar a conocer el pensamiento crítico latinoamericano, tomando en cuenta que Manuel Galich fue un intelectual que dejó un valioso legado a su país, Guatemala, [&hellip;]</p>
