{"id":5132,"date":"2020-09-01T20:54:41","date_gmt":"2020-09-01T20:54:41","guid":{"rendered":"https:\/\/iips.usac.edu.gt\/?page_id=5132"},"modified":"2020-09-01T20:54:41","modified_gmt":"2020-09-01T20:54:41","slug":"boletin-iies-economia-al-dia-no-08-ciencias-sociales-inteligencia-artificial-y-covid-19","status":"publish","type":"page","link":"https:\/\/iips.usac.edu.gt\/?page_id=5132","title":{"rendered":"Bolet\u00edn-IIES &#8220;Econom\u00eda al d\u00eda&#8221; No. 08: &#8220;Ciencias Sociales, Inteligencia artificial y COVID-19&#8221;"},"content":{"rendered":"<p><a href=\"http:\/\/iies.usac.edu.gt\/wp-content\/uploads\/2020\/08\/Bolet\u00edn-Econom\u00eda-al-d\u00eda-No.-08-agosto-2020.pdf\" target=\"_blank\" rel=\"noopener\"><img loading=\"lazy\" decoding=\"async\" class=\"alignleft wp-image-5130 size-full\" src=\"https:\/\/iips.usac.edu.gt\/wp-content\/uploads\/2020\/09\/Bolet\u00edn-econom\u00eda.png\" alt=\"\" width=\"622\" height=\"244\" srcset=\"https:\/\/iips.usac.edu.gt\/wp-content\/uploads\/2020\/09\/Bolet\u00edn-econom\u00eda.png 622w, https:\/\/iips.usac.edu.gt\/wp-content\/uploads\/2020\/09\/Bolet\u00edn-econom\u00eda-300x118.png 300w\" sizes=\"(max-width: 622px) 100vw, 622px\" \/><\/a><\/p>\n","protected":false},"excerpt":{"rendered":"","protected":false},"author":2,"featured_media":0,"parent":0,"menu_order":0,"comment_status":"closed","ping_status":"closed","template":"","meta":{"footnotes":""},"class_list":["post-5132","page","type-page","status-publish","czr-hentry"],"_links":{"self":[{"href":"https:\/\/iips.usac.edu.gt\/index.php?rest_route=\/wp\/v2\/pages\/5132"}],"collection":[{"href":"https:\/\/iips.usac.edu.gt\/index.php?rest_route=\/wp\/v2\/pages"}],"about":[{"href":"https:\/\/iips.usac.edu.gt\/index.php?rest_route=\/wp\/v2\/types\/page"}],"author":[{"embeddable":true,"href":"https:\/\/iips.usac.edu.gt\/index.php?rest_route=\/wp\/v2\/users\/2"}],"replies":[{"embeddable":true,"href":"https:\/\/iips.usac.edu.gt\/index.php?rest_route=%2Fwp%2Fv2%2Fcomments&post=5132"}],"version-history":[{"count":1,"href":"https:\/\/iips.usac.edu.gt\/index.php?rest_route=\/wp\/v2\/pages\/5132\/revisions"}],"predecessor-version":[{"id":5134,"href":"https:\/\/iips.usac.edu.gt\/index.php?rest_route=\/wp\/v2\/pages\/5132\/revisions\/5134"}],"wp:attachment":[{"href":"https:\/\/iips.usac.edu.gt\/index.php?rest_route=%2Fwp%2Fv2%2Fmedia&parent=5132"}],"curies":[{"name":"wp","href":"https:\/\/api.w.org\/{rel}","templated":true}]}}