{"id":5976,"date":"2024-03-07T16:10:00","date_gmt":"2024-03-07T16:10:00","guid":{"rendered":"https:\/\/iips.usac.edu.gt\/?page_id=5976"},"modified":"2024-04-30T15:59:58","modified_gmt":"2024-04-30T15:59:58","slug":"publicaciones","status":"publish","type":"page","link":"https:\/\/iips.usac.edu.gt\/?page_id=5976","title":{"rendered":"Publicaciones"},"content":{"rendered":"\n<div class=\"wp-block-columns is-layout-flex wp-container-core-columns-is-layout-1 wp-block-columns-is-layout-flex\">\n<div class=\"wp-block-column is-layout-flow wp-block-column-is-layout-flow\">\n<div class=\"wp-block-group is-vertical is-content-justification-center is-layout-flex wp-container-core-group-is-layout-1 wp-block-group-is-layout-flex\">\n<figure class=\"wp-block-image size-large is-resized\"><a href=\"https:\/\/iips.usac.edu.gt\/?page_id=5983\"><img loading=\"lazy\" decoding=\"async\" width=\"1024\" height=\"1024\" src=\"https:\/\/iips.usac.edu.gt\/wp-content\/uploads\/2024\/03\/Artboard-3-1024x1024.png\" alt=\"\" class=\"wp-image-6000\" style=\"width:350px\" srcset=\"https:\/\/iips.usac.edu.gt\/wp-content\/uploads\/2024\/03\/Artboard-3-1024x1024.png 1024w, https:\/\/iips.usac.edu.gt\/wp-content\/uploads\/2024\/03\/Artboard-3-300x300.png 300w, https:\/\/iips.usac.edu.gt\/wp-content\/uploads\/2024\/03\/Artboard-3-150x150.png 150w, https:\/\/iips.usac.edu.gt\/wp-content\/uploads\/2024\/03\/Artboard-3-768x768.png 768w, https:\/\/iips.usac.edu.gt\/wp-content\/uploads\/2024\/03\/Artboard-3-270x270.png 270w, https:\/\/iips.usac.edu.gt\/wp-content\/uploads\/2024\/03\/Artboard-3-230x230.png 230w, https:\/\/iips.usac.edu.gt\/wp-content\/uploads\/2024\/03\/Artboard-3.png 1080w\" sizes=\"(max-width: 1024px) 100vw, 1024px\" \/><\/a><\/figure>\n\n\n\n<p><strong>Revistas<\/strong><\/p>\n\n\n\n<p>El IIPS ha publicado diversas revistas a lo largo de los a\u00f1os, las cuales han buscado recoger miradas cr\u00edticas provenientes de distintos sectores de la academia, tanto dentro de la Escuela de Ciencia Pol\u00edtica como fuera de ella. Aqu\u00ed podr\u00e1 encontrar algunas de estas revistas.<\/p>\n<\/div>\n<\/div>\n\n\n\n<div class=\"wp-block-column is-layout-flow wp-block-column-is-layout-flow\">\n<div class=\"wp-block-group is-vertical is-layout-flex wp-container-core-group-is-layout-3 wp-block-group-is-layout-flex\">\n<div class=\"wp-block-group is-vertical is-content-justification-center is-layout-flex wp-container-core-group-is-layout-2 wp-block-group-is-layout-flex\">\n<figure class=\"wp-block-image size-large is-resized\"><a href=\"https:\/\/iips.usac.edu.gt\/?page_id=6005\"><img loading=\"lazy\" decoding=\"async\" width=\"1024\" height=\"1024\" src=\"https:\/\/iips.usac.edu.gt\/wp-content\/uploads\/2024\/03\/Artboard-4-1024x1024.png\" alt=\"\" class=\"wp-image-6001\" style=\"width:350px\" srcset=\"https:\/\/iips.usac.edu.gt\/wp-content\/uploads\/2024\/03\/Artboard-4-1024x1024.png 1024w, https:\/\/iips.usac.edu.gt\/wp-content\/uploads\/2024\/03\/Artboard-4-300x300.png 300w, https:\/\/iips.usac.edu.gt\/wp-content\/uploads\/2024\/03\/Artboard-4-150x150.png 150w, https:\/\/iips.usac.edu.gt\/wp-content\/uploads\/2024\/03\/Artboard-4-768x768.png 768w, https:\/\/iips.usac.edu.gt\/wp-content\/uploads\/2024\/03\/Artboard-4-270x270.png 270w, https:\/\/iips.usac.edu.gt\/wp-content\/uploads\/2024\/03\/Artboard-4-230x230.png 230w, https:\/\/iips.usac.edu.gt\/wp-content\/uploads\/2024\/03\/Artboard-4.png 1080w\" sizes=\"(max-width: 1024px) 100vw, 1024px\" \/><\/a><\/figure>\n\n\n\n<p class=\"has-text-align-center\"><strong>Informes de Investigaci\u00f3n<\/strong><\/p>\n\n\n\n<p>Anualmente los equipos de investigaci\u00f3n del IIPS realizan un ejercicio de investigaci\u00f3n, dentro de sus respectivas \u00e1reas, del cual se desprenden los informes de investigaci\u00f3n. El esfuerzo por ampliar el conocimiento desde las ciencias sociales es presentado aqu\u00ed.<\/p>\n<\/div>\n<\/div>\n<\/div>\n<\/div>\n\n\n\n<div class=\"wp-block-group is-vertical is-content-justification-center is-layout-flex wp-container-core-group-is-layout-4 wp-block-group-is-layout-flex\">\n<figure class=\"wp-block-image size-large is-resized\"><a href=\"https:\/\/iips.usac.edu.gt\/?page_id=6055\"><img loading=\"lazy\" decoding=\"async\" width=\"1024\" height=\"1024\" src=\"https:\/\/iips.usac.edu.gt\/wp-content\/uploads\/2024\/03\/Artboard-5-1024x1024.png\" alt=\"\" class=\"wp-image-6016\" style=\"width:350px\" srcset=\"https:\/\/iips.usac.edu.gt\/wp-content\/uploads\/2024\/03\/Artboard-5-1024x1024.png 1024w, https:\/\/iips.usac.edu.gt\/wp-content\/uploads\/2024\/03\/Artboard-5-300x300.png 300w, https:\/\/iips.usac.edu.gt\/wp-content\/uploads\/2024\/03\/Artboard-5-150x150.png 150w, https:\/\/iips.usac.edu.gt\/wp-content\/uploads\/2024\/03\/Artboard-5-768x768.png 768w, https:\/\/iips.usac.edu.gt\/wp-content\/uploads\/2024\/03\/Artboard-5-270x270.png 270w, https:\/\/iips.usac.edu.gt\/wp-content\/uploads\/2024\/03\/Artboard-5-230x230.png 230w, https:\/\/iips.usac.edu.gt\/wp-content\/uploads\/2024\/03\/Artboard-5.png 1080w\" sizes=\"(max-width: 1024px) 100vw, 1024px\" \/><\/a><\/figure>\n\n\n\n<p class=\"has-black-color has-text-color has-link-color wp-elements-0ef2f61c9f5bed7ebe2e40d96896e068\"><strong>Ediciones Conmemorativas<\/strong><\/p>\n\n\n\n<div class=\"wp-block-columns is-layout-flex wp-container-core-columns-is-layout-2 wp-block-columns-is-layout-flex\">\n<div class=\"wp-block-column is-layout-flow wp-block-column-is-layout-flow\" style=\"flex-basis:25%\"><\/div>\n\n\n\n<div class=\"wp-block-column is-layout-flow wp-block-column-is-layout-flow\"><\/div>\n\n\n\n<div class=\"wp-block-column is-layout-flow wp-block-column-is-layout-flow\" style=\"flex-basis:50%\">\n<p>Hay algunos hitos que merecen ser destacados y que nos lleven a repasar c\u00f3mo se lleg\u00f3 all\u00ed. En este apartado pueden encontrarse ediciones especiales que comparten partes de esa historia.<\/p>\n<\/div>\n\n\n\n<div class=\"wp-block-column is-layout-flow wp-block-column-is-layout-flow\" style=\"flex-basis:25%\"><\/div>\n<\/div>\n<\/div>\n","protected":false},"excerpt":{"rendered":"<p>Revistas El IIPS ha publicado diversas revistas a lo largo de los a\u00f1os, las cuales han buscado recoger miradas cr\u00edticas provenientes de distintos sectores de la academia, tanto dentro de la Escuela de Ciencia Pol\u00edtica como fuera de ella. Aqu\u00ed podr\u00e1 encontrar algunas de estas revistas. Informes de Investigaci\u00f3n Anualmente los equipos de investigaci\u00f3n del [&hellip;]<\/p>\n","protected":false},"author":2,"featured_media":0,"parent":0,"menu_order":0,"comment_status":"closed","ping_status":"closed","template":"","meta":{"footnotes":""},"class_list":["post-5976","page","type-page","status-publish","czr-hentry"],"_links":{"self":[{"href":"https:\/\/iips.usac.edu.gt\/index.php?rest_route=\/wp\/v2\/pages\/5976"}],"collection":[{"href":"https:\/\/iips.usac.edu.gt\/index.php?rest_route=\/wp\/v2\/pages"}],"about":[{"href":"https:\/\/iips.usac.edu.gt\/index.php?rest_route=\/wp\/v2\/types\/page"}],"author":[{"embeddable":true,"href":"https:\/\/iips.usac.edu.gt\/index.php?rest_route=\/wp\/v2\/users\/2"}],"replies":[{"embeddable":true,"href":"https:\/\/iips.usac.edu.gt\/index.php?rest_route=%2Fwp%2Fv2%2Fcomments&post=5976"}],"version-history":[{"count":10,"href":"https:\/\/iips.usac.edu.gt\/index.php?rest_route=\/wp\/v2\/pages\/5976\/revisions"}],"predecessor-version":[{"id":6059,"href":"https:\/\/iips.usac.edu.gt\/index.php?rest_route=\/wp\/v2\/pages\/5976\/revisions\/6059"}],"wp:attachment":[{"href":"https:\/\/iips.usac.edu.gt\/index.php?rest_route=%2Fwp%2Fv2%2Fmedia&parent=5976"}],"curies":[{"name":"wp","href":"https:\/\/api.w.org\/{rel}","templated":true}]}}