{"id":5983,"date":"2024-03-07T16:10:23","date_gmt":"2024-03-07T16:10:23","guid":{"rendered":"https:\/\/iips.usac.edu.gt\/?page_id=5983"},"modified":"2024-03-15T17:03:27","modified_gmt":"2024-03-15T17:03:27","slug":"revistas","status":"publish","type":"page","link":"https:\/\/iips.usac.edu.gt\/?page_id=5983","title":{"rendered":"Revistas"},"content":{"rendered":"\n<div class=\"wp-block-group is-horizontal is-content-justification-space-between is-layout-flex wp-container-core-group-is-layout-1 wp-block-group-is-layout-flex\">\n<div class=\"wp-block-columns is-layout-flex wp-container-core-columns-is-layout-2 wp-block-columns-is-layout-flex\">\n<div class=\"wp-block-column is-vertically-aligned-center is-layout-flow wp-block-column-is-layout-flow\">\n<div class=\"wp-block-columns are-vertically-aligned-center is-layout-flex wp-container-core-columns-is-layout-1 wp-block-columns-is-layout-flex\">\n<div class=\"wp-block-column is-vertically-aligned-center is-layout-flow wp-block-column-is-layout-flow\"><div class=\"wp-block-image\">\n<figure class=\"alignleft size-large is-resized\"><a href=\"https:\/\/iips.usac.edu.gt\/?page_id=5992\"><img loading=\"lazy\" decoding=\"async\" width=\"783\" height=\"1024\" src=\"https:\/\/iips.usac.edu.gt\/wp-content\/uploads\/2024\/03\/Portada-Revista-No.58-2021-783x1024.jpg\" alt=\"\" class=\"wp-image-6041\" style=\"width:200px\" srcset=\"https:\/\/iips.usac.edu.gt\/wp-content\/uploads\/2024\/03\/Portada-Revista-No.58-2021-783x1024.jpg 783w, https:\/\/iips.usac.edu.gt\/wp-content\/uploads\/2024\/03\/Portada-Revista-No.58-2021-229x300.jpg 229w, https:\/\/iips.usac.edu.gt\/wp-content\/uploads\/2024\/03\/Portada-Revista-No.58-2021-768x1004.jpg 768w, https:\/\/iips.usac.edu.gt\/wp-content\/uploads\/2024\/03\/Portada-Revista-No.58-2021-1175x1536.jpg 1175w, https:\/\/iips.usac.edu.gt\/wp-content\/uploads\/2024\/03\/Portada-Revista-No.58-2021.jpg 1300w\" sizes=\"(max-width: 783px) 100vw, 783px\" \/><\/a><\/figure><\/div><\/div>\n\n\n\n<div class=\"wp-block-column is-vertically-aligned-center is-layout-flow wp-block-column-is-layout-flow\">\n<p><strong>Revista Pol\u00edtica y Sociedad <\/strong><\/p>\n<\/div>\n<\/div>\n<\/div>\n<\/div>\n\n\n\n<div class=\"wp-block-columns are-vertically-aligned-center is-layout-flex wp-container-core-columns-is-layout-3 wp-block-columns-is-layout-flex\">\n<div class=\"wp-block-column is-vertically-aligned-center is-layout-flow wp-block-column-is-layout-flow\"><div class=\"wp-block-image\">\n<figure class=\"alignleft size-large is-resized\"><a href=\"https:\/\/iips.usac.edu.gt\/?page_id=6044\"><img loading=\"lazy\" decoding=\"async\" width=\"783\" height=\"1024\" src=\"https:\/\/iips.usac.edu.gt\/wp-content\/uploads\/2024\/03\/Revista-Estudiantil-Master-1-783x1024.png\" alt=\"\" class=\"wp-image-5996\" style=\"width:200px\" srcset=\"https:\/\/iips.usac.edu.gt\/wp-content\/uploads\/2024\/03\/Revista-Estudiantil-Master-1-783x1024.png 783w, https:\/\/iips.usac.edu.gt\/wp-content\/uploads\/2024\/03\/Revista-Estudiantil-Master-1-229x300.png 229w, https:\/\/iips.usac.edu.gt\/wp-content\/uploads\/2024\/03\/Revista-Estudiantil-Master-1-768x1004.png 768w, https:\/\/iips.usac.edu.gt\/wp-content\/uploads\/2024\/03\/Revista-Estudiantil-Master-1-1175x1536.png 1175w, https:\/\/iips.usac.edu.gt\/wp-content\/uploads\/2024\/03\/Revista-Estudiantil-Master-1-1566x2048.png 1566w, https:\/\/iips.usac.edu.gt\/wp-content\/uploads\/2024\/03\/Revista-Estudiantil-Master-1.png 1950w\" sizes=\"(max-width: 783px) 100vw, 783px\" \/><\/a><\/figure><\/div><\/div>\n\n\n\n<div class=\"wp-block-column is-vertically-aligned-center is-layout-flow wp-block-column-is-layout-flow\">\n<p><strong>Revista Pol\u00edtica y Sociedad Estudiantil<\/strong><\/p>\n<\/div>\n<\/div>\n\n\n\n<div class=\"wp-block-columns are-vertically-aligned-center is-layout-flex wp-container-core-columns-is-layout-4 wp-block-columns-is-layout-flex\">\n<div class=\"wp-block-column is-vertically-aligned-center is-layout-flow wp-block-column-is-layout-flow\"><div class=\"wp-block-image\">\n<figure class=\"alignleft size-large is-resized\"><a href=\"https:\/\/iips.usac.edu.gt\/?page_id=6051\"><img loading=\"lazy\" decoding=\"async\" width=\"784\" height=\"1024\" src=\"https:\/\/iips.usac.edu.gt\/wp-content\/uploads\/2024\/03\/Portada-Revistas-PyS-Egresad@s-2020-784x1024.jpg\" alt=\"\" class=\"wp-image-6020\" style=\"width:200px\" srcset=\"https:\/\/iips.usac.edu.gt\/wp-content\/uploads\/2024\/03\/Portada-Revistas-PyS-Egresad@s-2020-784x1024.jpg 784w, https:\/\/iips.usac.edu.gt\/wp-content\/uploads\/2024\/03\/Portada-Revistas-PyS-Egresad@s-2020-230x300.jpg 230w, https:\/\/iips.usac.edu.gt\/wp-content\/uploads\/2024\/03\/Portada-Revistas-PyS-Egresad@s-2020-768x1003.jpg 768w, https:\/\/iips.usac.edu.gt\/wp-content\/uploads\/2024\/03\/Portada-Revistas-PyS-Egresad@s-2020-1176x1536.jpg 1176w, https:\/\/iips.usac.edu.gt\/wp-content\/uploads\/2024\/03\/Portada-Revistas-PyS-Egresad@s-2020.jpg 1259w\" sizes=\"(max-width: 784px) 100vw, 784px\" \/><\/a><\/figure><\/div><\/div>\n\n\n\n<div class=\"wp-block-column is-vertically-aligned-center is-layout-flow wp-block-column-is-layout-flow\">\n<p><strong>Revista Pol\u00edtica y Sociedad Egresad@s<\/strong><\/p>\n<\/div>\n<\/div>\n<\/div>\n","protected":false},"excerpt":{"rendered":"<p>Revista Pol\u00edtica y Sociedad Revista Pol\u00edtica y Sociedad Estudiantil Revista Pol\u00edtica y Sociedad Egresad@s<\/p>\n","protected":false},"author":2,"featured_media":0,"parent":0,"menu_order":0,"comment_status":"closed","ping_status":"closed","template":"","meta":{"footnotes":""},"class_list":["post-5983","page","type-page","status-publish","czr-hentry"],"_links":{"self":[{"href":"https:\/\/iips.usac.edu.gt\/index.php?rest_route=\/wp\/v2\/pages\/5983"}],"collection":[{"href":"https:\/\/iips.usac.edu.gt\/index.php?rest_route=\/wp\/v2\/pages"}],"about":[{"href":"https:\/\/iips.usac.edu.gt\/index.php?rest_route=\/wp\/v2\/types\/page"}],"author":[{"embeddable":true,"href":"https:\/\/iips.usac.edu.gt\/index.php?rest_route=\/wp\/v2\/users\/2"}],"replies":[{"embeddable":true,"href":"https:\/\/iips.usac.edu.gt\/index.php?rest_route=%2Fwp%2Fv2%2Fcomments&post=5983"}],"version-history":[{"count":10,"href":"https:\/\/iips.usac.edu.gt\/index.php?rest_route=\/wp\/v2\/pages\/5983\/revisions"}],"predecessor-version":[{"id":6060,"href":"https:\/\/iips.usac.edu.gt\/index.php?rest_route=\/wp\/v2\/pages\/5983\/revisions\/6060"}],"wp:attachment":[{"href":"https:\/\/iips.usac.edu.gt\/index.php?rest_route=%2Fwp%2Fv2%2Fmedia&parent=5983"}],"curies":[{"name":"wp","href":"https:\/\/api.w.org\/{rel}","templated":true}]}}