{"id":6005,"date":"2024-03-07T15:55:25","date_gmt":"2024-03-07T15:55:25","guid":{"rendered":"https:\/\/iips.usac.edu.gt\/?page_id=6005"},"modified":"2024-04-29T18:43:56","modified_gmt":"2024-04-29T18:43:56","slug":"informes-de-investigacion","status":"publish","type":"page","link":"https:\/\/iips.usac.edu.gt\/?page_id=6005","title":{"rendered":"Informes de Investigaci\u00f3n"},"content":{"rendered":"\n<div class=\"wp-block-group is-vertical is-content-justification-stretch is-layout-flex wp-container-core-group-is-layout-1 wp-block-group-is-layout-flex\">\n<div class=\"wp-block-columns is-layout-flex wp-container-core-columns-is-layout-1 wp-block-columns-is-layout-flex\">\n<div class=\"wp-block-column is-layout-flow wp-block-column-is-layout-flow\">\n<div class=\"wp-block-media-text is-stacked-on-mobile\" style=\"grid-template-columns:30% auto\"><figure class=\"wp-block-media-text__media\"><a href=\"https:\/\/iips.usac.edu.gt\/wp-content\/uploads\/2021\/11\/Tres-miradas-al-imaginario-independentista-desde-el-Bicentenario.pdf\" target=\"_blank\" rel=\"noreferrer noopener\"><img loading=\"lazy\" decoding=\"async\" width=\"783\" height=\"1024\" src=\"https:\/\/iips.usac.edu.gt\/wp-content\/uploads\/2024\/03\/Portada-Rrevista-tres-miradas-2021-783x1024.jpg\" alt=\"\" class=\"wp-image-6013 size-full\" srcset=\"https:\/\/iips.usac.edu.gt\/wp-content\/uploads\/2024\/03\/Portada-Rrevista-tres-miradas-2021-783x1024.jpg 783w, https:\/\/iips.usac.edu.gt\/wp-content\/uploads\/2024\/03\/Portada-Rrevista-tres-miradas-2021-229x300.jpg 229w, https:\/\/iips.usac.edu.gt\/wp-content\/uploads\/2024\/03\/Portada-Rrevista-tres-miradas-2021-768x1004.jpg 768w, https:\/\/iips.usac.edu.gt\/wp-content\/uploads\/2024\/03\/Portada-Rrevista-tres-miradas-2021-1175x1536.jpg 1175w, https:\/\/iips.usac.edu.gt\/wp-content\/uploads\/2024\/03\/Portada-Rrevista-tres-miradas-2021.jpg 1300w\" sizes=\"(max-width: 783px) 100vw, 783px\" \/><\/a><\/figure><div class=\"wp-block-media-text__content\">\n<p><strong><a href=\"https:\/\/iips.usac.edu.gt\/wp-content\/uploads\/2021\/11\/Tres-miradas-al-imaginario-independentista-desde-el-Bicentenario.pdf\" target=\"_blank\" rel=\"noreferrer noopener\">Tres miradas al imaginario independentista desde el Bicentenario.<\/a><\/strong><\/p>\n\n\n\n<p>Con voces desde la Sociolog\u00eda, Ciencia Pol\u00edtica y Relaciones Internacionales<\/p>\n\n\n\n<p>2021<\/p>\n\n\n\n<details class=\"wp-block-details is-layout-flow wp-block-details-is-layout-flow\"><summary>Art\u00edculos<\/summary>\n<ul class=\"wp-block-list\">\n<li class=\"has-small-font-size\"><strong>La Universidad de San Carlos de Guatemala y el tratamiento a los pueblos ind\u00edgenas como problema nacional en el bicentenario colonial <\/strong>&#8211; Rosaura Raguex<\/li>\n\n\n\n<li class=\"has-small-font-size\"><strong>Narrativas del bicentenario: \u00bfReforma o refundaci\u00f3n del Estado guatemalteco?<\/strong> &#8211; Jorge Arag\u00f3n<\/li>\n\n\n\n<li class=\"has-small-font-size\"><strong>Los intereses de la comunidad internacional en el espacio-ruta de Centroam\u00e9rica en el Bicentenario<\/strong> &#8211; Karen Ar\u00e9valo<\/li>\n<\/ul>\n<\/details>\n<\/div><\/div>\n<\/div>\n<\/div>\n\n\n\n<div class=\"wp-block-columns is-layout-flex wp-container-core-columns-is-layout-2 wp-block-columns-is-layout-flex\">\n<div class=\"wp-block-column is-layout-flow wp-block-column-is-layout-flow\">\n<div class=\"wp-block-media-text is-stacked-on-mobile\" style=\"grid-template-columns:30% auto\"><figure class=\"wp-block-media-text__media\"><a href=\"https:\/\/iips.usac.edu.gt\/wp-content\/uploads\/2024\/03\/Revista-PyS-Edicion-Especial-COVID-19.pdf\" target=\"_blank\" rel=\"noreferrer noopener\"><img loading=\"lazy\" decoding=\"async\" width=\"783\" height=\"1024\" src=\"https:\/\/iips.usac.edu.gt\/wp-content\/uploads\/2024\/03\/Revista-Covid-Master-1-783x1024.png\" alt=\"\" class=\"wp-image-6008 size-full\" srcset=\"https:\/\/iips.usac.edu.gt\/wp-content\/uploads\/2024\/03\/Revista-Covid-Master-1-783x1024.png 783w, https:\/\/iips.usac.edu.gt\/wp-content\/uploads\/2024\/03\/Revista-Covid-Master-1-229x300.png 229w, https:\/\/iips.usac.edu.gt\/wp-content\/uploads\/2024\/03\/Revista-Covid-Master-1-768x1004.png 768w, https:\/\/iips.usac.edu.gt\/wp-content\/uploads\/2024\/03\/Revista-Covid-Master-1-1175x1536.png 1175w, https:\/\/iips.usac.edu.gt\/wp-content\/uploads\/2024\/03\/Revista-Covid-Master-1-1566x2048.png 1566w, https:\/\/iips.usac.edu.gt\/wp-content\/uploads\/2024\/03\/Revista-Covid-Master-1.png 1950w\" sizes=\"(max-width: 783px) 100vw, 783px\" \/><\/a><\/figure><div class=\"wp-block-media-text__content\">\n<p><strong><a href=\"https:\/\/iips.usac.edu.gt\/wp-content\/uploads\/2024\/03\/Revista-PyS-Edicion-Especial-COVID-19.pdf\" target=\"_blank\" rel=\"noreferrer noopener\">Pol\u00edtica y Sociedad &#8211; Edici\u00f3n Especial COVID-19<\/a><\/strong><\/p>\n\n\n\n<p>2020<\/p>\n\n\n\n<details class=\"wp-block-details is-layout-flow wp-block-details-is-layout-flow\"><summary>Art\u00edculos<\/summary>\n<ul class=\"wp-block-list\">\n<li class=\"has-small-font-size\"><strong>Propuesta del \u00c1rea de Estudios Sociol\u00f3gicos ante la emergencia provocada por la pandemia de covid-19 en Guatemala<\/strong><\/li>\n\n\n\n<li class=\"has-small-font-size\"><strong>Escenario legislativo frente a la emergencia sanitaria COVID-19 en Guatemala<\/strong> &#8211; IIPS-\u00c1rea de Estudios Pol\u00edticos<\/li>\n\n\n\n<li class=\"has-small-font-size\"><strong>Contexto internacional vinculado con las prioridades nacionales guatemaltecas, elementos para la construcci\u00f3n de estrategias frente a la COVID-19 <\/strong>&#8211; IIPS-\u00c1rea de Estudios Internacionales<\/li>\n\n\n\n<li class=\"has-small-font-size\"><strong>Propuesta de pol\u00edticas p\u00fablicas para garantizar la protecci\u00f3n social para las personas con discapacidad y sus familias<\/strong> &#8211; IIPS-\u00c1rea de Estudios sobre Discapacidad<\/li>\n\n\n\n<li class=\"has-small-font-size\"><strong>Propuesta para el establecimiento de un Observatorio (sistema de monitore) de pol\u00edticas p\u00fablicas hacia las mujeres en el marco de la crisis del COVID-19 <\/strong>&#8211; IIPS-\u00c1rea de Estudios Pol\u00edticos<\/li>\n\n\n\n<li class=\"has-small-font-size\"><strong>IIPS-Opina sobre la pandemia<\/strong><\/li>\n\n\n\n<li class=\"has-small-font-size\"><strong>La pandemia y el desarrollo sostenible los avatares de Gaia <\/strong>&#8211; Luis Alberto Padilla<\/li>\n\n\n\n<li class=\"has-small-font-size\"><strong>Campa\u00f1a mundial para una vacuna COVID-19. \u00c1gora de los habitantes de la tierra. Bien com\u00fan y p\u00fablico, global, libre. Privilegios y desdichas en cuarentena<\/strong><\/li>\n<\/ul>\n<\/details>\n<\/div><\/div>\n<\/div>\n<\/div>\n\n\n\n<div class=\"wp-block-columns is-layout-flex wp-container-core-columns-is-layout-3 wp-block-columns-is-layout-flex\">\n<div class=\"wp-block-column is-layout-flow wp-block-column-is-layout-flow\">\n<div class=\"wp-block-media-text is-stacked-on-mobile\" style=\"grid-template-columns:30% auto\"><figure class=\"wp-block-media-text__media\"><a href=\"https:\/\/iips.usac.edu.gt\/wp-content\/uploads\/2019\/11\/Revista-Electr\u00f3nica-PyS-Informes-de-Investigaci\u00f3n-2019.pdf\" target=\"_blank\" rel=\"noreferrer noopener\"><img loading=\"lazy\" decoding=\"async\" width=\"757\" height=\"1024\" src=\"https:\/\/iips.usac.edu.gt\/wp-content\/uploads\/2024\/03\/Revista-Electronica-PyS-Informe-de-Investigacion-2019-1-1-757x1024.png\" alt=\"\" class=\"wp-image-6007 size-full\" srcset=\"https:\/\/iips.usac.edu.gt\/wp-content\/uploads\/2024\/03\/Revista-Electronica-PyS-Informe-de-Investigacion-2019-1-1-757x1024.png 757w, https:\/\/iips.usac.edu.gt\/wp-content\/uploads\/2024\/03\/Revista-Electronica-PyS-Informe-de-Investigacion-2019-1-1-222x300.png 222w, https:\/\/iips.usac.edu.gt\/wp-content\/uploads\/2024\/03\/Revista-Electronica-PyS-Informe-de-Investigacion-2019-1-1-768x1039.png 768w, https:\/\/iips.usac.edu.gt\/wp-content\/uploads\/2024\/03\/Revista-Electronica-PyS-Informe-de-Investigacion-2019-1-1-1135x1536.png 1135w, https:\/\/iips.usac.edu.gt\/wp-content\/uploads\/2024\/03\/Revista-Electronica-PyS-Informe-de-Investigacion-2019-1-1-1513x2048.png 1513w, https:\/\/iips.usac.edu.gt\/wp-content\/uploads\/2024\/03\/Revista-Electronica-PyS-Informe-de-Investigacion-2019-1-1.png 1987w\" sizes=\"(max-width: 757px) 100vw, 757px\" \/><\/a><\/figure><div class=\"wp-block-media-text__content\">\n<p><strong><a href=\"https:\/\/iips.usac.edu.gt\/wp-content\/uploads\/2019\/11\/Revista-Electr%C3%B3nica-PyS-Informes-de-Investigaci%C3%B3n-2019.pdf\" target=\"_blank\" rel=\"noreferrer noopener\">Informes de Investigaci\u00f3n<\/a><\/strong><\/p>\n\n\n\n<p>2019<\/p>\n\n\n\n<details class=\"wp-block-details is-layout-flow wp-block-details-is-layout-flow\"><summary>Art\u00edculos<\/summary>\n<ul class=\"wp-block-list\">\n<li class=\"has-small-font-size\"><strong>Identidad y realidades de las mujeres mayas en la Universidad de San Carlos de Guatemala <\/strong>&#8211; IIPS-\u00c1rea de Estudios Sociol\u00f3gicos<\/li>\n\n\n\n<li class=\"has-small-font-size\"><strong>De la indignaci\u00f3n al espect\u00e1culo: la plaza 2015<\/strong> &#8211; IIPS-\u00c1rea de Estudios Pol\u00edticos<\/li>\n\n\n\n<li class=\"has-small-font-size\"><strong>Gesti\u00f3n ambiental en Guatemala: la dimensi\u00f3n estatal y el aporte de la cooperaci\u00f3n internacional<\/strong> &#8211; IIPS-\u00c1rea de Estudios Internacionales<\/li>\n<\/ul>\n<\/details>\n<\/div><\/div>\n<\/div>\n<\/div>\n<\/div>\n","protected":false},"excerpt":{"rendered":"<p>Tres miradas al imaginario independentista desde el Bicentenario. Con voces desde la Sociolog\u00eda, Ciencia Pol\u00edtica y Relaciones Internacionales 2021 Pol\u00edtica y Sociedad &#8211; Edici\u00f3n Especial COVID-19 2020 Informes de Investigaci\u00f3n 2019<\/p>\n","protected":false},"author":2,"featured_media":0,"parent":0,"menu_order":0,"comment_status":"closed","ping_status":"closed","template":"","meta":{"footnotes":""},"class_list":["post-6005","page","type-page","status-publish","czr-hentry"],"_links":{"self":[{"href":"https:\/\/iips.usac.edu.gt\/index.php?rest_route=\/wp\/v2\/pages\/6005"}],"collection":[{"href":"https:\/\/iips.usac.edu.gt\/index.php?rest_route=\/wp\/v2\/pages"}],"about":[{"href":"https:\/\/iips.usac.edu.gt\/index.php?rest_route=\/wp\/v2\/types\/page"}],"author":[{"embeddable":true,"href":"https:\/\/iips.usac.edu.gt\/index.php?rest_route=\/wp\/v2\/users\/2"}],"replies":[{"embeddable":true,"href":"https:\/\/iips.usac.edu.gt\/index.php?rest_route=%2Fwp%2Fv2%2Fcomments&post=6005"}],"version-history":[{"count":7,"href":"https:\/\/iips.usac.edu.gt\/index.php?rest_route=\/wp\/v2\/pages\/6005\/revisions"}],"predecessor-version":[{"id":6505,"href":"https:\/\/iips.usac.edu.gt\/index.php?rest_route=\/wp\/v2\/pages\/6005\/revisions\/6505"}],"wp:attachment":[{"href":"https:\/\/iips.usac.edu.gt\/index.php?rest_route=%2Fwp%2Fv2%2Fmedia&parent=6005"}],"curies":[{"name":"wp","href":"https:\/\/api.w.org\/{rel}","templated":true}]}}

Informes de Investigación

<div class="wp-block-group is-vertical is-content-justification-stretch is-layout-flex wp-container-core-group-is-layout-1 wp-block-group-is-layout-flex">
<div class="wp-block-columns is-layout-flex wp-container-core-columns-is-layout-1 wp-block-columns-is-layout-flex">
<div class="wp-block-column is-layout-flow wp-block-column-is-layout-flow">
<div class="wp-block-media-text is-stacked-on-mobile" style="grid-template-columns:30% auto"><figure class="wp-block-media-text__media"><a href="https://iips.usac.edu.gt/wp-content/uploads/2021/11/Tres-miradas-al-imaginario-independentista-desde-el-Bicentenario.pdf" target="_blank" rel="noreferrer noopener"><img loading="lazy" decoding="async" width="783" height="1024" src="https://iips.usac.edu.gt/wp-content/uploads/2024/03/Portada-Rrevista-tres-miradas-2021-783x1024.jpg" alt="" class="wp-image-6013 size-full" srcset="https://iips.usac.edu.gt/wp-content/uploads/2024/03/Portada-Rrevista-tres-miradas-2021-783x1024.jpg 783w, https://iips.usac.edu.gt/wp-content/uploads/2024/03/Portada-Rrevista-tres-miradas-2021-229x300.jpg 229w, https://iips.usac.edu.gt/wp-content/uploads/2024/03/Portada-Rrevista-tres-miradas-2021-768x1004.jpg 768w, https://iips.usac.edu.gt/wp-content/uploads/2024/03/Portada-Rrevista-tres-miradas-2021-1175x1536.jpg 1175w, https://iips.usac.edu.gt/wp-content/uploads/2024/03/Portada-Rrevista-tres-miradas-2021.jpg 1300w" sizes="(max-width: 783px) 100vw, 783px" /></a></figure><div class="wp-block-media-text__content">
<p><strong><a href="https://iips.usac.edu.gt/wp-content/uploads/2021/11/Tres-miradas-al-imaginario-independentista-desde-el-Bicentenario.pdf" target="_blank" rel="noreferrer noopener">Tres miradas al imaginario independentista desde el Bicentenario.</a></strong></p>



<p>Con voces desde la Sociología, Ciencia Política y Relaciones Internacionales</p>



<p>2021</p>



<details class="wp-block-details is-layout-flow wp-block-details-is-layout-flow"><summary>Artículos</summary>
<ul class="wp-block-list">
<li class="has-small-font-size"><strong>La Universidad de San Carlos de Guatemala y el tratamiento a los pueblos indígenas como problema nacional en el bicentenario colonial </strong>&#8211; Rosaura Raguex</li>



<li class="has-small-font-size"><strong>Narrativas del bicentenario: ¿Reforma o refundación del Estado guatemalteco?</strong> &#8211; Jorge Aragón</li>



<li class="has-small-font-size"><strong>Los intereses de la comunidad internacional en el espacio-ruta de Centroamérica en el Bicentenario</strong> &#8211; Karen Arévalo</li>
</ul>
</details>
</div></div>
</div>
</div>



<div class="wp-block-columns is-layout-flex wp-container-core-columns-is-layout-2 wp-block-columns-is-layout-flex">
<div class="wp-block-column is-layout-flow wp-block-column-is-layout-flow">
<div class="wp-block-media-text is-stacked-on-mobile" style="grid-template-columns:30% auto"><figure class="wp-block-media-text__media"><a href="https://iips.usac.edu.gt/wp-content/uploads/2024/03/Revista-PyS-Edicion-Especial-COVID-19.pdf" target="_blank" rel="noreferrer noopener"><img loading="lazy" decoding="async" width="783" height="1024" src="https://iips.usac.edu.gt/wp-content/uploads/2024/03/Revista-Covid-Master-1-783x1024.png" alt="" class="wp-image-6008 size-full" srcset="https://iips.usac.edu.gt/wp-content/uploads/2024/03/Revista-Covid-Master-1-783x1024.png 783w, https://iips.usac.edu.gt/wp-content/uploads/2024/03/Revista-Covid-Master-1-229x300.png 229w, https://iips.usac.edu.gt/wp-content/uploads/2024/03/Revista-Covid-Master-1-768x1004.png 768w, https://iips.usac.edu.gt/wp-content/uploads/2024/03/Revista-Covid-Master-1-1175x1536.png 1175w, https://iips.usac.edu.gt/wp-content/uploads/2024/03/Revista-Covid-Master-1-1566x2048.png 1566w, https://iips.usac.edu.gt/wp-content/uploads/2024/03/Revista-Covid-Master-1.png 1950w" sizes="(max-width: 783px) 100vw, 783px" /></a></figure><div class="wp-block-media-text__content">
<p><strong><a href="https://iips.usac.edu.gt/wp-content/uploads/2024/03/Revista-PyS-Edicion-Especial-COVID-19.pdf" target="_blank" rel="noreferrer noopener">Política y Sociedad &#8211; Edición Especial COVID-19</a></strong></p>



<p>2020</p>



<details class="wp-block-details is-layout-flow wp-block-details-is-layout-flow"><summary>Artículos</summary>
<ul class="wp-block-list">
<li class="has-small-font-size"><strong>Propuesta del Área de Estudios Sociológicos ante la emergencia provocada por la pandemia de covid-19 en Guatemala</strong></li>



<li class="has-small-font-size"><strong>Escenario legislativo frente a la emergencia sanitaria COVID-19 en Guatemala</strong> &#8211; IIPS-Área de Estudios Políticos</li>



<li class="has-small-font-size"><strong>Contexto internacional vinculado con las prioridades nacionales guatemaltecas, elementos para la construcción de estrategias frente a la COVID-19 </strong>&#8211; IIPS-Área de Estudios Internacionales</li>



<li class="has-small-font-size"><strong>Propuesta de políticas públicas para garantizar la protección social para las personas con discapacidad y sus familias</strong> &#8211; IIPS-Área de Estudios sobre Discapacidad</li>



<li class="has-small-font-size"><strong>Propuesta para el establecimiento de un Observatorio (sistema de monitore) de políticas públicas hacia las mujeres en el marco de la crisis del COVID-19 </strong>&#8211; IIPS-Área de Estudios Políticos</li>



<li class="has-small-font-size"><strong>IIPS-Opina sobre la pandemia</strong></li>



<li class="has-small-font-size"><strong>La pandemia y el desarrollo sostenible los avatares de Gaia </strong>&#8211; Luis Alberto Padilla</li>



<li class="has-small-font-size"><strong>Campaña mundial para una vacuna COVID-19. Ágora de los habitantes de la tierra. Bien común y público, global, libre. Privilegios y desdichas en cuarentena</strong></li>
</ul>
</details>
</div></div>
</div>
</div>



<div class="wp-block-columns is-layout-flex wp-container-core-columns-is-layout-3 wp-block-columns-is-layout-flex">
<div class="wp-block-column is-layout-flow wp-block-column-is-layout-flow">
<div class="wp-block-media-text is-stacked-on-mobile" style="grid-template-columns:30% auto"><figure class="wp-block-media-text__media"><a href="https://iips.usac.edu.gt/wp-content/uploads/2019/11/Revista-Electrónica-PyS-Informes-de-Investigación-2019.pdf" target="_blank" rel="noreferrer noopener"><img loading="lazy" decoding="async" width="757" height="1024" src="https://iips.usac.edu.gt/wp-content/uploads/2024/03/Revista-Electronica-PyS-Informe-de-Investigacion-2019-1-1-757x1024.png" alt="" class="wp-image-6007 size-full" srcset="https://iips.usac.edu.gt/wp-content/uploads/2024/03/Revista-Electronica-PyS-Informe-de-Investigacion-2019-1-1-757x1024.png 757w, https://iips.usac.edu.gt/wp-content/uploads/2024/03/Revista-Electronica-PyS-Informe-de-Investigacion-2019-1-1-222x300.png 222w, https://iips.usac.edu.gt/wp-content/uploads/2024/03/Revista-Electronica-PyS-Informe-de-Investigacion-2019-1-1-768x1039.png 768w, https://iips.usac.edu.gt/wp-content/uploads/2024/03/Revista-Electronica-PyS-Informe-de-Investigacion-2019-1-1-1135x1536.png 1135w, https://iips.usac.edu.gt/wp-content/uploads/2024/03/Revista-Electronica-PyS-Informe-de-Investigacion-2019-1-1-1513x2048.png 1513w, https://iips.usac.edu.gt/wp-content/uploads/2024/03/Revista-Electronica-PyS-Informe-de-Investigacion-2019-1-1.png 1987w" sizes="(max-width: 757px) 100vw, 757px" /></a></figure><div class="wp-block-media-text__content">
<p><strong><a href="https://iips.usac.edu.gt/wp-content/uploads/2019/11/Revista-Electr%C3%B3nica-PyS-Informes-de-Investigaci%C3%B3n-2019.pdf" target="_blank" rel="noreferrer noopener">Informes de Investigación</a></strong></p>



<p>2019</p>



<details class="wp-block-details is-layout-flow wp-block-details-is-layout-flow"><summary>Artículos</summary>
<ul class="wp-block-list">
<li class="has-small-font-size"><strong>Identidad y realidades de las mujeres mayas en la Universidad de San Carlos de Guatemala </strong>&#8211; IIPS-Área de Estudios Sociológicos</li>



<li class="has-small-font-size"><strong>De la indignación al espectáculo: la plaza 2015</strong> &#8211; IIPS-Área de Estudios Políticos</li>



<li class="has-small-font-size"><strong>Gestión ambiental en Guatemala: la dimensión estatal y el aporte de la cooperación internacional</strong> &#8211; IIPS-Área de Estudios Internacionales</li>
</ul>
</details>
</div></div>
</div>
</div>
</div>

<p>Tres miradas al imaginario independentista desde el Bicentenario. Con voces desde la Sociología, Ciencia Política y Relaciones Internacionales 2021 Política y Sociedad &#8211; Edición Especial COVID-19 2020 Informes de Investigación 2019</p>
